Last updated on 2025-06-16 09:49:38 CEST.
Flavor | Version | Tinstall | Tcheck | Ttotal | Status | Flags |
---|---|---|---|---|---|---|
r-devel-linux-x86_64-debian-clang | 2.0.0 | 8.16 | 142.68 | 150.84 | OK | |
r-devel-linux-x86_64-debian-gcc | 2.0.0 | 5.79 | 95.69 | 101.48 | OK | |
r-devel-linux-x86_64-fedora-clang | 2.0.0 | 236.37 | OK | |||
r-devel-linux-x86_64-fedora-gcc | 2.0.0 | 227.26 | OK | |||
r-devel-windows-x86_64 | 2.0.0 | 11.00 | 128.00 | 139.00 | OK | |
r-patched-linux-x86_64 | 2.0.0 | 7.30 | 129.20 | 136.50 | OK | |
r-release-linux-x86_64 | 2.0.0 | 8.51 | 128.71 | 137.22 | OK | |
r-release-macos-arm64 | 2.0.0 | 70.00 | OK | |||
r-release-macos-x86_64 | 2.0.0 | 136.00 | OK | |||
r-release-windows-x86_64 | 2.0.0 | 10.00 | 135.00 | 145.00 | OK | |
r-oldrel-macos-arm64 | 2.0.0 | 60.00 | NOTE | |||
r-oldrel-macos-x86_64 | 2.0.0 | 96.00 | NOTE | |||
r-oldrel-windows-x86_64 | 2.0.0 | 16.00 | 166.00 | 182.00 | NOTE |
Version: 2.0.0
Check: package dependencies
Result: NOTE
Package suggested but not available for checking: ‘gurobi’
Flavors: r-oldrel-macos-arm64, r-oldrel-macos-x86_64, r-oldrel-windows-x86_64