CRAN Package Check Results for Package slowraker

Last updated on 2024-07-20 08:49:53 CEST.

Flavor Version Tinstall Tcheck Ttotal Status Flags
r-devel-linux-x86_64-debian-clang 0.1.1 2.26 84.26 86.52 OK
r-devel-linux-x86_64-debian-gcc 0.1.1 1.26 63.58 64.84 OK
r-devel-linux-x86_64-fedora-clang 0.1.1 108.16 NOTE
r-devel-linux-x86_64-fedora-gcc 0.1.1 136.16 NOTE
r-devel-windows-x86_64 0.1.1 3.00 86.00 89.00 OK
r-patched-linux-x86_64 0.1.1 1.74 82.36 84.10 OK
r-release-linux-x86_64 0.1.1 2.13 80.29 82.42 OK
r-release-macos-arm64 0.1.1 52.00 OK
r-release-macos-x86_64 0.1.1 66.00 OK
r-release-windows-x86_64 0.1.1 3.00 90.00 93.00 OK
r-oldrel-macos-arm64 0.1.1 54.00 OK
r-oldrel-macos-x86_64 0.1.1 67.00 OK
r-oldrel-windows-x86_64 0.1.1 4.00 90.00 94.00 OK

Check Details

Version: 0.1.1
Check: data for non-ASCII characters
Result: NOTE Note: found 2 marked Latin-1 strings Flavors: r-devel-linux-x86_64-fedora-clang, r-devel-linux-x86_64-fedora-gcc