CRAN Package Check Results for Package siplab

Last updated on 2024-06-22 04:49:09 CEST.

Flavor Version Tinstall Tcheck Ttotal Status Flags
r-devel-linux-x86_64-debian-clang 1.6 11.48 111.51 122.99 OK
r-devel-linux-x86_64-debian-gcc 1.6 7.75 83.02 90.77 OK
r-devel-linux-x86_64-fedora-clang 1.6 153.95 OK
r-devel-linux-x86_64-fedora-gcc 1.6 161.42 OK
r-devel-windows-x86_64 1.6 9.00 119.00 128.00 OK
r-patched-linux-x86_64 1.6 6.49 104.76 111.25 OK
r-release-linux-x86_64 1.6 6.35 106.53 112.88 OK
r-release-macos-arm64 1.6 53.00 OK
r-release-macos-x86_64 1.6 78.00 WARN
r-release-windows-x86_64 1.6 10.00 122.00 132.00 OK
r-oldrel-macos-arm64 1.6 62.00 OK
r-oldrel-macos-x86_64 1.6 88.00 OK
r-oldrel-windows-x86_64 1.6 12.00 137.00 149.00 OK

Check Details

Version: 1.6
Check: re-building of vignette outputs
Result: WARN Error(s) in re-building vignettes: --- re-building ‘cindex.Rnw’ using knitr Error: processing vignette 'cindex.Rnw' failed with diagnostics: Running 'texi2dvi' on 'cindex.tex' failed. LaTeX errors: ! Undefined control sequence. l.125 \hlkwd{library}\hldef {(siplab)} ? ! Emergency stop. ! Emergency stop. l.125 End of file on the terminal! ! ==> Fatal error occurred, no output PDF file produced! --- failed re-building ‘cindex.Rnw’ --- re-building ‘gentle.Rnw’ using knitr Error: processing vignette 'gentle.Rnw' failed with diagnostics: Running 'texi2dvi' on 'gentle.tex' failed. LaTeX errors: ! Undefined control sequence. l.142 \hlkwd{curve}\hldef {(}\hlkwd{abs}\hldef{(x} \hlopt{-} \hlnum{2}\hldef{... ? ! Emergency stop. l.142 End of file on the terminal! ! ==> Fatal error occurred, no output PDF file produced! --- failed re-building ‘gentle.Rnw’ SUMMARY: processing the following files failed: ‘cindex.Rnw’ ‘gentle.Rnw’ Error: Vignette re-building failed. Execution halted Flavor: r-release-macos-x86_64