CRAN Package Check Results for Package simputation

Last updated on 2024-06-13 07:50:45 CEST.

Flavor Version Tinstall Tcheck Ttotal Status Flags
r-devel-linux-x86_64-debian-clang 0.2.8 4.60 52.10 56.70 OK
r-devel-linux-x86_64-debian-gcc 0.2.8 0.37 1.70 2.07 ERROR
r-devel-linux-x86_64-fedora-clang 0.2.8 70.94 OK
r-devel-linux-x86_64-fedora-gcc 0.2.8 90.93 OK
r-devel-windows-x86_64 0.2.8 7.00 65.00 72.00 OK
r-patched-linux-x86_64 0.2.8 5.00 48.67 53.67 OK
r-release-linux-x86_64 0.2.8 3.92 48.94 52.86 OK
r-release-macos-arm64 0.2.8 35.00 OK
r-release-macos-x86_64 0.2.8 52.00 OK
r-release-windows-x86_64 0.2.8 8.00 68.00 76.00 OK
r-oldrel-macos-arm64 0.2.8 38.00 OK
r-oldrel-macos-x86_64 0.2.8 54.00 OK
r-oldrel-windows-x86_64 0.2.8 9.00 68.00 77.00 OK

Check Details

Version: 0.2.8
Check: package dependencies
Result: ERROR Package required but not available: ‘VIM’ Package suggested but not available for checking: ‘dplyr’ See section ‘The DESCRIPTION file’ in the ‘Writing R Extensions’ manual. Flavor: r-devel-linux-x86_64-debian-gcc