CRAN Package Check Results for Package sim2Dpredictr

Last updated on 2024-07-20 08:49:53 CEST.

Flavor Version Tinstall Tcheck Ttotal Status Flags
r-devel-linux-x86_64-debian-clang 0.1.1 10.43 97.24 107.67 NOTE
r-devel-linux-x86_64-debian-gcc 0.1.1 7.06 69.70 76.76 NOTE
r-devel-linux-x86_64-fedora-clang 0.1.1 135.13 NOTE
r-devel-linux-x86_64-fedora-gcc 0.1.1 121.71 NOTE
r-devel-windows-x86_64 0.1.1 11.00 90.00 101.00 NOTE
r-patched-linux-x86_64 0.1.1 10.34 89.51 99.85 NOTE
r-release-linux-x86_64 0.1.1 10.12 88.55 98.67 NOTE
r-release-macos-arm64 0.1.1 36.00 NOTE
r-release-macos-x86_64 0.1.1 55.00 NOTE
r-release-windows-x86_64 0.1.1 10.00 90.00 100.00 NOTE
r-oldrel-macos-arm64 0.1.1 35.00 OK
r-oldrel-macos-x86_64 0.1.1 61.00 OK
r-oldrel-windows-x86_64 0.1.1 12.00 103.00 115.00 OK

Check Details

Version: 0.1.1
Check: Rd files
Result: NOTE checkRd: (-1) sim_Y_Binary_X.Rd:51: Lost braces 51 | \item \code{dist = "binomial"} is drawn from eqn{Bin(XB, XB(1-XB))} | ^ Flavors: r-devel-linux-x86_64-debian-clang, r-devel-linux-x86_64-debian-gcc, r-devel-linux-x86_64-fedora-clang, r-devel-linux-x86_64-fedora-gcc, r-devel-windows-x86_64, r-patched-linux-x86_64, r-release-linux-x86_64, r-release-macos-arm64, r-release-macos-x86_64, r-release-windows-x86_64