CRAN Package Check Results for Package shotGroups

Last updated on 2024-05-29 07:58:16 CEST.

Flavor Version Tinstall Tcheck Ttotal Status Flags
r-devel-linux-x86_64-debian-clang 0.8.2 23.58 198.28 221.86 WARN
r-devel-linux-x86_64-debian-gcc 0.8.2 17.31 142.03 159.34 WARN
r-devel-linux-x86_64-fedora-clang 0.8.2 282.51 OK
r-devel-linux-x86_64-fedora-gcc 0.8.2 279.38 OK
r-devel-windows-x86_64 0.8.2 20.00 196.00 216.00 OK
r-patched-linux-x86_64 0.8.2 21.05 192.02 213.07 OK
r-release-linux-x86_64 0.8.2 19.55 199.19 218.74 OK
r-release-macos-arm64 0.8.2 89.00 OK
r-release-windows-x86_64 0.8.2 20.00 167.00 187.00 OK
r-oldrel-macos-arm64 0.8.2 94.00 OK
r-oldrel-macos-x86_64 0.8.2 154.00 OK
r-oldrel-windows-x86_64 0.8.2 26.00 206.00 232.00 OK

Check Details

Version: 0.8.2
Check: re-building of vignette outputs
Result: WARN Error(s) in re-building vignettes: ... --- re-building ‘shotGroups.Rnw’ using knitr Error: processing vignette 'shotGroups.Rnw' failed with diagnostics: Running 'texi2dvi' on 'shotGroups.tex' failed. LaTeX errors: ! Undefined control sequence. l.183 \hlkwd{library}\hldef {(shotGroups,} \hlkwc{verbose}\hldef{=}\hlnum{FAL... ? ! Emergency stop. l.183 End of file on the terminal! ! ==> Fatal error occurred, no output PDF file produced! --- failed re-building ‘shotGroups.Rnw’ SUMMARY: processing the following file failed: ‘shotGroups.Rnw’ Error: Vignette re-building failed. Execution halted Flavors: r-devel-linux-x86_64-debian-clang, r-devel-linux-x86_64-debian-gcc