CRAN Package Check Results for Package shinycustomloader

Last updated on 2024-06-24 07:53:43 CEST.

Flavor Version Tinstall Tcheck Ttotal Status Flags
r-devel-linux-x86_64-debian-clang 0.9.0 3.76 39.16 42.92 NOTE
r-devel-linux-x86_64-debian-gcc 0.9.0 2.45 29.82 32.27 NOTE
r-devel-linux-x86_64-fedora-clang 0.9.0 52.09 NOTE
r-devel-linux-x86_64-fedora-gcc 0.9.0 49.61 NOTE
r-devel-windows-x86_64 0.9.0 4.00 55.00 59.00 NOTE
r-patched-linux-x86_64 0.9.0 3.76 37.29 41.05 NOTE
r-release-linux-x86_64 0.9.0 3.61 37.29 40.90 NOTE
r-release-macos-arm64 0.9.0 21.00 NOTE
r-release-macos-x86_64 0.9.0 33.00 NOTE
r-release-windows-x86_64 0.9.0 4.00 54.00 58.00 NOTE
r-oldrel-macos-arm64 0.9.0 21.00 NOTE
r-oldrel-macos-x86_64 0.9.0 31.00 NOTE
r-oldrel-windows-x86_64 0.9.0 5.00 58.00 63.00 NOTE

Check Details

Version: 0.9.0
Check: LazyData
Result: NOTE 'LazyData' is specified without a 'data' directory Flavors: r-devel-linux-x86_64-debian-clang, r-devel-linux-x86_64-debian-gcc, r-devel-linux-x86_64-fedora-clang, r-devel-linux-x86_64-fedora-gcc, r-devel-windows-x86_64, r-patched-linux-x86_64, r-release-linux-x86_64, r-release-macos-arm64, r-release-macos-x86_64, r-release-windows-x86_64, r-oldrel-macos-arm64, r-oldrel-macos-x86_64, r-oldrel-windows-x86_64