CRAN Package Check Results for Package shinyPredict

Last updated on 2024-05-29 07:58:16 CEST.

Flavor Version Tinstall Tcheck Ttotal Status Flags
r-devel-linux-x86_64-debian-clang 0.1.1 1.99 21.10 23.09 NOTE
r-devel-linux-x86_64-debian-gcc 0.1.1 1.76 16.24 18.00 NOTE
r-devel-linux-x86_64-fedora-clang 0.1.1 29.76 NOTE
r-devel-linux-x86_64-fedora-gcc 0.1.1 27.92 NOTE
r-devel-windows-x86_64 0.1.1 3.00 39.00 42.00 NOTE
r-patched-linux-x86_64 0.1.1 1.92 20.19 22.11 NOTE
r-release-linux-x86_64 0.1.1 1.86 20.28 22.14 NOTE
r-release-macos-arm64 0.1.1 15.00 NOTE
r-release-windows-x86_64 0.1.1 3.00 38.00 41.00 NOTE
r-oldrel-macos-arm64 0.1.1 16.00 NOTE
r-oldrel-macos-x86_64 0.1.1 19.00 NOTE
r-oldrel-windows-x86_64 0.1.1 3.00 40.00 43.00 NOTE

Check Details

Version: 0.1.1
Check: LazyData
Result: NOTE 'LazyData' is specified without a 'data' directory Flavors: r-devel-linux-x86_64-debian-clang, r-devel-linux-x86_64-debian-gcc, r-devel-linux-x86_64-fedora-clang, r-devel-linux-x86_64-fedora-gcc, r-devel-windows-x86_64, r-patched-linux-x86_64, r-release-linux-x86_64, r-release-macos-arm64, r-release-windows-x86_64, r-oldrel-macos-arm64, r-oldrel-macos-x86_64, r-oldrel-windows-x86_64