CRAN Package Check Results for Package shinyHeatmaply

Last updated on 2024-07-20 08:49:53 CEST.

Flavor Version Tinstall Tcheck Ttotal Status Flags
r-devel-linux-x86_64-debian-clang 0.2.0 10.15 67.40 77.55 NOTE
r-devel-linux-x86_64-debian-gcc 0.2.0 6.74 51.22 57.96 NOTE
r-devel-linux-x86_64-fedora-clang 0.2.0 95.41 NOTE
r-devel-linux-x86_64-fedora-gcc 0.2.0 88.93 NOTE
r-devel-windows-x86_64 0.2.0 9.00 69.00 78.00 NOTE
r-patched-linux-x86_64 0.2.0 8.07 65.03 73.10 NOTE
r-release-linux-x86_64 0.2.0 5.35 64.84 70.19 NOTE
r-release-macos-arm64 0.2.0 30.00 NOTE
r-release-macos-x86_64 0.2.0 45.00 NOTE
r-release-windows-x86_64 0.2.0 9.00 68.00 77.00 NOTE
r-oldrel-macos-arm64 0.2.0 35.00 NOTE
r-oldrel-macos-x86_64 0.2.0 47.00 NOTE
r-oldrel-windows-x86_64 0.2.0 12.00 79.00 91.00 NOTE

Check Details

Version: 0.2.0
Check: LazyData
Result: NOTE 'LazyData' is specified without a 'data' directory Flavors: r-devel-linux-x86_64-debian-clang, r-devel-linux-x86_64-debian-gcc, r-devel-linux-x86_64-fedora-clang, r-devel-linux-x86_64-fedora-gcc, r-devel-windows-x86_64, r-patched-linux-x86_64, r-release-linux-x86_64, r-release-macos-arm64, r-release-macos-x86_64, r-release-windows-x86_64, r-oldrel-macos-arm64, r-oldrel-macos-x86_64, r-oldrel-windows-x86_64