CRAN Package Check Results for Package seedCCA

Last updated on 2024-06-17 19:51:43 CEST.

Flavor Version Tinstall Tcheck Ttotal Status Flags
r-devel-linux-x86_64-debian-clang 3.1 12.43 102.85 115.28 NOTE
r-devel-linux-x86_64-debian-gcc 3.1 10.55 78.64 89.19 NOTE
r-devel-linux-x86_64-fedora-clang 3.1 144.03 NOTE
r-devel-linux-x86_64-fedora-gcc 3.1 138.76 NOTE
r-devel-windows-x86_64 3.1 11.00 91.00 102.00 NOTE
r-patched-linux-x86_64 3.1 9.56 102.28 111.84 NOTE
r-release-linux-x86_64 3.1 9.64 99.24 108.88 NOTE
r-release-macos-arm64 3.1 39.00 NOTE
r-release-macos-x86_64 3.1 62.00 NOTE
r-release-windows-x86_64 3.1 11.00 93.00 104.00 NOTE
r-oldrel-macos-arm64 3.1 52.00 OK
r-oldrel-macos-x86_64 3.1 83.00 OK
r-oldrel-windows-x86_64 3.1 14.00 112.00 126.00 OK

Check Details

Version: 3.1
Check: Rd files
Result: NOTE checkRd: (-1) seedCCA.Rd:17: Lost braces; missing escapes or markup? 17 | \item{u}{numeric, maximum number of projections. The default is 10. This is used for \code{type="seed1"}, \code{type="seed2"} and {tyepe="pls"}.} | ^ Flavors: r-devel-linux-x86_64-debian-clang, r-devel-linux-x86_64-debian-gcc, r-devel-linux-x86_64-fedora-clang, r-devel-linux-x86_64-fedora-gcc, r-devel-windows-x86_64, r-patched-linux-x86_64, r-release-linux-x86_64, r-release-macos-arm64, r-release-macos-x86_64, r-release-windows-x86_64