Last updated on 2025-01-14 19:48:35 CET.
Flavor | Version | Tinstall | Tcheck | Ttotal | Status | Flags |
---|---|---|---|---|---|---|
r-devel-linux-x86_64-debian-clang | 0.6.0 | 83.97 | 39.41 | 123.38 | OK | |
r-devel-linux-x86_64-debian-gcc | 0.7.0 | 57.77 | 27.92 | 85.69 | OK | |
r-devel-linux-x86_64-fedora-clang | 0.7.0 | 247.64 | OK | |||
r-devel-linux-x86_64-fedora-gcc | 0.7.0 | 260.49 | OK | |||
r-devel-windows-x86_64 | 0.6.0 | 84.00 | 90.00 | 174.00 | OK | |
r-patched-linux-x86_64 | 0.6.0 | 83.26 | 36.66 | 119.92 | OK | |
r-release-linux-x86_64 | 0.6.0 | 83.26 | 37.50 | 120.76 | OK | |
r-release-macos-arm64 | 0.6.0 | 51.00 | NOTE | |||
r-release-macos-x86_64 | 0.7.0 | 71.00 | NOTE | |||
r-release-windows-x86_64 | 0.6.0 | 86.00 | 81.00 | 167.00 | OK | |
r-oldrel-macos-arm64 | 0.6.0 | 50.00 | NOTE | |||
r-oldrel-macos-x86_64 | 0.7.0 | 70.00 | NOTE | |||
r-oldrel-windows-x86_64 | 0.6.0 | 99.00 | 99.00 | 198.00 | OK |
Version: 0.6.0
Check: installed package size
Result: NOTE
installed size is 5.1Mb
sub-directories of 1Mb or more:
libs 4.6Mb
Flavors: r-release-macos-arm64, r-oldrel-macos-arm64
Version: 0.7.0
Check: installed package size
Result: NOTE
installed size is 5.0Mb
sub-directories of 1Mb or more:
libs 4.5Mb
Flavors: r-release-macos-x86_64, r-oldrel-macos-x86_64