CRAN Package Check Results for Package sdmvspecies

Last updated on 2024-05-19 19:53:24 CEST.

Flavor Version Tinstall Tcheck Ttotal Status Flags
r-devel-linux-x86_64-debian-clang 0.3.2 28.41 345.04 373.45 OK
r-devel-linux-x86_64-debian-gcc 0.3.2 21.91 244.40 266.31 OK
r-devel-linux-x86_64-fedora-clang 0.3.2 457.97 OK
r-devel-linux-x86_64-fedora-gcc 0.3.2 608.97 OK
r-devel-windows-x86_64 0.3.2 24.00 220.00 244.00 OK
r-patched-linux-x86_64 0.3.2 32.10 325.75 357.85 OK
r-release-linux-x86_64 0.3.2 29.01 319.73 348.74 OK
r-release-macos-arm64 0.3.2 105.00 OK
r-release-windows-x86_64 0.3.2 23.00 227.00 250.00 OK
r-oldrel-macos-arm64 0.3.2 113.00 OK
r-oldrel-macos-x86_64 0.3.2 208.00 NOTE
r-oldrel-windows-x86_64 0.3.2 33.00 289.00 322.00 OK

Check Details

Version: 0.3.2
Check: re-building of vignette outputs
Result: NOTE Error(s) in re-building vignettes: --- re-building ‘sdmvspecies.Rnw’ using Sweave Loading required package: sp [1] "/Volumes/Builds/packages/big-sur-x86_64/results/4.3/sdmvspecies.Rcheck/sdmvspecies/external/env/bio1.bil" [2] "/Volumes/Builds/packages/big-sur-x86_64/results/4.3/sdmvspecies.Rcheck/sdmvspecies/external/env/bio11.bil" [3] "/Volumes/Builds/packages/big-sur-x86_64/results/4.3/sdmvspecies.Rcheck/sdmvspecies/external/env/bio12.bil" [4] "/Volumes/Builds/packages/big-sur-x86_64/results/4.3/sdmvspecies.Rcheck/sdmvspecies/external/env/bio14.bil" [5] "/Volumes/Builds/packages/big-sur-x86_64/results/4.3/sdmvspecies.Rcheck/sdmvspecies/external/env/bio16.bil" [6] "/Volumes/Builds/packages/big-sur-x86_64/results/4.3/sdmvspecies.Rcheck/sdmvspecies/external/env/bio5.bil" [7] "/Volumes/Builds/packages/big-sur-x86_64/results/4.3/sdmvspecies.Rcheck/sdmvspecies/external/env/bio7.bil" Error: processing vignette 'sdmvspecies.Rnw' failed with diagnostics: Running 'texi2dvi' on 'sdmvspecies.tex' failed. LaTeX errors: ! LaTeX Error: File `hanging.sty' not found. Type X to quit or <RETURN> to proceed, or enter new name. (Default extension: sty) ! Emergency stop. <read *> l.9 \usepackage [utf8]{inputenc}^^M ! ==> Fatal error occurred, no output PDF file produced! --- failed re-building ‘sdmvspecies.Rnw’ SUMMARY: processing the following file failed: ‘sdmvspecies.Rnw’ Error: Vignette re-building failed. Execution halted Flavor: r-oldrel-macos-x86_64