CRAN Package Check Results for Package scModels

Last updated on 2024-07-20 08:49:52 CEST.

Flavor Version Tinstall Tcheck Ttotal Status Flags
r-devel-linux-x86_64-debian-clang 1.0.4 28.65 126.20 154.85 NOTE
r-devel-linux-x86_64-debian-gcc 1.0.4 21.18 94.37 115.55 NOTE
r-devel-linux-x86_64-fedora-clang 1.0.4 230.63 NOTE
r-devel-linux-x86_64-fedora-gcc 1.0.4 212.87 NOTE
r-devel-windows-x86_64 1.0.4 26.00 156.00 182.00 NOTE
r-patched-linux-x86_64 1.0.4 36.92 114.78 151.70 NOTE
r-release-linux-x86_64 1.0.4 34.82 115.90 150.72 NOTE
r-release-macos-arm64 1.0.4 62.00 NOTE
r-release-macos-x86_64 1.0.4 103.00 NOTE
r-release-windows-x86_64 1.0.4 36.00 151.00 187.00 NOTE
r-oldrel-macos-arm64 1.0.4 82.00 NOTE
r-oldrel-macos-x86_64 1.0.4 132.00 NOTE
r-oldrel-windows-x86_64 1.0.4 36.00 177.00 213.00 NOTE

Check Details

Version: 1.0.4
Check: C++ specification
Result: NOTE Specified C++11: please drop specification unless essential Flavors: r-devel-linux-x86_64-debian-clang, r-devel-linux-x86_64-debian-gcc, r-devel-linux-x86_64-fedora-clang, r-devel-linux-x86_64-fedora-gcc, r-devel-windows-x86_64, r-patched-linux-x86_64, r-release-linux-x86_64, r-release-macos-arm64, r-release-macos-x86_64, r-release-windows-x86_64, r-oldrel-macos-arm64, r-oldrel-macos-x86_64, r-oldrel-windows-x86_64