CRAN Package Check Results for Package sarp.snowprofile.pyface

Last updated on 2024-07-21 08:49:28 CEST.

Flavor Version Tinstall Tcheck Ttotal Status Flags
r-devel-linux-x86_64-debian-clang 0.1.3 8.18 82.88 91.06 OK
r-devel-linux-x86_64-debian-gcc 0.1.3 5.93 61.38 67.31 NOTE
r-devel-linux-x86_64-fedora-clang 0.1.3 115.04 OK
r-devel-linux-x86_64-fedora-gcc 0.1.3 105.74 OK
r-devel-windows-x86_64 0.1.3 8.00 107.00 115.00 NOTE
r-patched-linux-x86_64 0.1.3 10.17 79.66 89.83 OK
r-release-linux-x86_64 0.1.3 6.22 77.76 83.98 OK
r-release-macos-arm64 0.1.3 35.00 OK
r-release-macos-x86_64 0.1.3 72.00 OK
r-release-windows-x86_64 0.1.3 7.00 106.00 113.00 OK
r-oldrel-macos-arm64 0.1.3 33.00 OK
r-oldrel-macos-x86_64 0.1.3 55.00 OK
r-oldrel-windows-x86_64 0.1.3 9.00 100.00 109.00 OK

Check Details

Version: 0.1.3
Check: Rd cross-references
Result: NOTE Found the following Rd file(s) with Rd \link{} targets missing package anchors: computeCritCutLength.Rd: snowprofileSet, snowprofile, snowprofileLayers computePunstable.Rd: snowprofileSet, snowprofile, snowprofileLayers Please provide package anchors for all Rd \link{} targets not in the package itself and the base packages. Flavors: r-devel-linux-x86_64-debian-gcc, r-devel-windows-x86_64