CRAN Package Check Results for Package samon

Last updated on 2023-01-26 18:49:32 CET.

Flavor Version Tinstall Tcheck Ttotal Status Flags
r-devel-linux-x86_64-debian-clang 4.0.1 14.48 48.02 62.50 WARN
r-devel-linux-x86_64-debian-gcc 4.0.1 10.05 36.69 46.74 WARN
r-devel-linux-x86_64-fedora-clang 4.0.1 76.94 WARN
r-devel-linux-x86_64-fedora-gcc 4.0.1 77.19 WARN
r-patched-linux-x86_64 4.0.1 11.67 46.92 58.59 OK
r-release-linux-x86_64 4.0.1 11.43 47.67 59.10 OK
r-release-macos-arm64 4.0.1 25.00 OK
r-release-macos-x86_64 4.0.1 37.00 OK
r-release-windows-x86_64 4.0.1 34.00 73.00 107.00 OK
r-oldrel-macos-arm64 4.0.1 35.00 OK
r-oldrel-macos-x86_64 4.0.1 49.00 OK
r-oldrel-windows-ix86+x86_64 4.0.1 38.00 58.00 96.00 OK

Check Details

Version: 4.0.1
Check: whether package can be installed
Result: WARN
    Found the following significant warnings:
     ./Gen_fun.h:17:12: warning: a function declaration without a prototype is deprecated in all versions of C [-Wstrict-prototypes]
     Gen_fun.c:121:12: warning: a function declaration without a prototype is deprecated in all versions of C [-Wstrict-prototypes]
     ./IFscratch.h:64:12: warning: a function declaration without a prototype is deprecated in all versions of C [-Wstrict-prototypes]
     load_IFscratch.c:64:12: warning: a function declaration without a prototype is deprecated in all versions of C [-Wstrict-prototypes]
     load_env.c:162:14: warning: a function declaration without a prototype is deprecated in all versions of C [-Wstrict-prototypes]
    See ‘/home/hornik/tmp/R.check/r-devel-clang/Work/PKGS/samon.Rcheck/00install.out’ for details.
    * used C compiler: ‘Debian clang version 15.0.6’
Flavor: r-devel-linux-x86_64-debian-clang

Version: 4.0.1
Check: whether package can be installed
Result: WARN
    Found the following significant warnings:
     Gen_fun.h:17:1: warning: function declaration isn’t a prototype [-Wstrict-prototypes]
     Gen_fun.c:121:8: warning: function declaration isn’t a prototype [-Wstrict-prototypes]
     IFscratch.h:64:1: warning: function declaration isn’t a prototype [-Wstrict-prototypes]
     load_IFscratch.c:64:5: warning: function declaration isn’t a prototype [-Wstrict-prototypes]
    See ‘/home/hornik/tmp/R.check/r-devel-gcc/Work/PKGS/samon.Rcheck/00install.out’ for details.
    * used C compiler: ‘gcc-12 (Debian 12.2.0-14) 12.2.0’
Flavor: r-devel-linux-x86_64-debian-gcc

Version: 4.0.1
Check: whether package can be installed
Result: WARN
    Found the following significant warnings:
     ./Gen_fun.h:17:12: warning: a function declaration without a prototype is deprecated in all versions of C [-Wstrict-prototypes]
     Gen_fun.c:121:12: warning: a function declaration without a prototype is deprecated in all versions of C [-Wstrict-prototypes]
     ./IFscratch.h:64:12: warning: a function declaration without a prototype is deprecated in all versions of C [-Wstrict-prototypes]
     load_IFscratch.c:64:12: warning: a function declaration without a prototype is deprecated in all versions of C [-Wstrict-prototypes]
     load_env.c:162:14: warning: a function declaration without a prototype is deprecated in all versions of C [-Wstrict-prototypes]
    See ‘/data/gannet/ripley/R/packages/tests-clang/samon.Rcheck/00install.out’ for details.
    * used C compiler: ‘clang version 15.0.6’
Flavor: r-devel-linux-x86_64-fedora-clang

Version: 4.0.1
Check: whether package can be installed
Result: WARN
    Found the following significant warnings:
     Gen_fun.h:17:1: warning: function declaration isn’t a prototype [-Wstrict-prototypes]
     Gen_fun.c:121:8: warning: function declaration isn’t a prototype [-Wstrict-prototypes]
     IFscratch.h:64:1: warning: function declaration isn’t a prototype [-Wstrict-prototypes]
     load_IFscratch.c:64:5: warning: function declaration isn’t a prototype [-Wstrict-prototypes]
    See ‘/data/gannet/ripley/R/packages/tests-devel/samon.Rcheck/00install.out’ for details.
    * used C compiler: ‘gcc (GCC) 12.2.1 20221121 (Red Hat 12.2.1-4)’
Flavor: r-devel-linux-x86_64-fedora-gcc