CRAN Package Check Results for Package safer

Last updated on 2024-06-17 19:51:42 CEST.

Flavor Version Tinstall Tcheck Ttotal Status Flags
r-devel-linux-x86_64-debian-clang 0.2.1 2.67 23.94 26.61 NOTE
r-devel-linux-x86_64-debian-gcc 0.2.1 2.02 18.35 20.37 NOTE
r-devel-linux-x86_64-fedora-clang 0.2.1 33.03 NOTE
r-devel-linux-x86_64-fedora-gcc 0.2.1 31.53 NOTE
r-devel-windows-x86_64 0.2.1 3.00 41.00 44.00 NOTE
r-patched-linux-x86_64 0.2.1 2.60 22.44 25.04 NOTE
r-release-linux-x86_64 0.2.1 2.56 22.38 24.94 NOTE
r-release-macos-arm64 0.2.1 15.00 NOTE
r-release-macos-x86_64 0.2.1 21.00 NOTE
r-release-windows-x86_64 0.2.1 4.00 41.00 45.00 NOTE
r-oldrel-macos-arm64 0.2.1 16.00 NOTE
r-oldrel-macos-x86_64 0.2.1 20.00 NOTE
r-oldrel-windows-x86_64 0.2.1 3.00 42.00 45.00 NOTE

Check Details

Version: 0.2.1
Check: package subdirectories
Result: NOTE Problems with news in ‘NEWS.md’: No news entries found. Flavors: r-devel-linux-x86_64-debian-clang, r-devel-linux-x86_64-debian-gcc, r-devel-linux-x86_64-fedora-clang, r-devel-linux-x86_64-fedora-gcc, r-devel-windows-x86_64, r-patched-linux-x86_64, r-release-linux-x86_64, r-release-macos-arm64, r-release-macos-x86_64, r-release-windows-x86_64, r-oldrel-macos-arm64, r-oldrel-macos-x86_64, r-oldrel-windows-x86_64

Version: 0.2.1
Check: LazyData
Result: NOTE 'LazyData' is specified without a 'data' directory Flavors: r-devel-linux-x86_64-debian-clang, r-devel-linux-x86_64-debian-gcc, r-devel-linux-x86_64-fedora-clang, r-devel-linux-x86_64-fedora-gcc, r-devel-windows-x86_64, r-patched-linux-x86_64, r-release-linux-x86_64, r-release-macos-arm64, r-release-macos-x86_64, r-release-windows-x86_64, r-oldrel-macos-arm64, r-oldrel-macos-x86_64, r-oldrel-windows-x86_64