CRAN Package Check Results for Package saeSim

Last updated on 2024-07-23 20:49:20 CEST.

Flavor Version Tinstall Tcheck Ttotal Status Flags
r-devel-linux-x86_64-debian-clang 0.11.0 12.70 141.72 154.42 NOTE
r-devel-linux-x86_64-debian-gcc 0.11.0 8.87 104.70 113.57 NOTE
r-devel-linux-x86_64-fedora-clang 0.11.0 189.52 NOTE
r-devel-linux-x86_64-fedora-gcc 0.11.0 189.03 NOTE
r-devel-windows-x86_64 0.11.0 12.00 117.00 129.00 NOTE
r-patched-linux-x86_64 0.11.0 15.19 136.08 151.27 NOTE
r-release-linux-x86_64 0.11.0 11.10 136.85 147.95 NOTE
r-release-macos-arm64 0.11.0 55.00 NOTE
r-release-macos-x86_64 0.11.0 89.00 NOTE
r-release-windows-x86_64 0.11.0 11.00 120.00 131.00 NOTE
r-oldrel-macos-arm64 0.11.0 63.00 OK
r-oldrel-macos-x86_64 0.11.0 111.00 OK
r-oldrel-windows-x86_64 0.11.0 15.00 149.00 164.00 OK

Check Details

Version: 0.11.0
Check: Rd files
Result: NOTE checkRd: (-1) sim_setup_preconfigured.Rd:24: Lost braces in \itemize; meant \describe ? checkRd: (-1) sim_setup_preconfigured.Rd:25: Lost braces in \itemize; meant \describe ? checkRd: (-1) sim_setup_preconfigured.Rd:26: Lost braces in \itemize; meant \describe ? checkRd: (-1) sim_setup_preconfigured.Rd:27: Lost braces in \itemize; meant \describe ? checkRd: (-1) sim_setup_preconfigured.Rd:28: Lost braces in \itemize; meant \describe ? checkRd: (-1) sim_setup_preconfigured.Rd:29: Lost braces in \itemize; meant \describe ? checkRd: (-1) sim_setup_preconfigured.Rd:30: Lost braces in \itemize; meant \describe ? checkRd: (-1) sim_setup_preconfigured.Rd:31: Lost braces in \itemize; meant \describe ? Flavors: r-devel-linux-x86_64-debian-clang, r-devel-linux-x86_64-debian-gcc, r-devel-linux-x86_64-fedora-clang, r-devel-linux-x86_64-fedora-gcc, r-devel-windows-x86_64, r-patched-linux-x86_64, r-release-linux-x86_64, r-release-macos-arm64, r-release-macos-x86_64, r-release-windows-x86_64

Version: 0.11.0
Check: Rd cross-references
Result: NOTE Found the following Rd file(s) with Rd \link{} targets missing package anchors: sim.Rd: parallelStart, parallelLibrary, parallelExport Please provide package anchors for all Rd \link{} targets not in the package itself and the base packages. Flavors: r-devel-linux-x86_64-debian-gcc, r-devel-windows-x86_64

Version: 0.11.0
Check: Rd cross-references
Result: NOTE Undeclared package ‘magrittr’ in Rd xrefs Flavor: r-devel-linux-x86_64-fedora-clang