CRAN Package Check Results for Package saccadr

Last updated on 2024-05-19 19:53:24 CEST.

Flavor Version Tinstall Tcheck Ttotal Status Flags
r-devel-linux-x86_64-debian-clang 0.1.3 26.81 82.02 108.83 NOTE
r-devel-linux-x86_64-debian-gcc 0.1.3 17.79 62.78 80.57 NOTE
r-devel-linux-x86_64-fedora-clang 0.1.3 146.02 NOTE
r-devel-linux-x86_64-fedora-gcc 0.1.3 204.90 NOTE
r-devel-windows-x86_64 0.1.3 21.00 97.00 118.00 NOTE
r-patched-linux-x86_64 0.1.3 21.68 81.26 102.94 NOTE
r-release-linux-x86_64 0.1.3 15.91 81.04 96.95 NOTE
r-release-macos-arm64 0.1.3 49.00 NOTE
r-release-windows-x86_64 0.1.3 24.00 105.00 129.00 NOTE
r-oldrel-macos-arm64 0.1.3 77.00 OK
r-oldrel-macos-x86_64 0.1.3 92.00 OK
r-oldrel-windows-x86_64 0.1.3 27.00 114.00 141.00 OK

Check Details

Version: 0.1.3
Check: Rd files
Result: NOTE checkRd: (-1) diff_ek.Rd:29: Lost braces in \itemize; meant \describe ? checkRd: (-1) diff_nh.Rd:32: Lost braces in \itemize; meant \describe ? checkRd: (-1) extract_saccades.Rd:94-97: Lost braces in \itemize; meant \describe ? checkRd: (-1) extract_saccades.Rd:98: Lost braces in \itemize; meant \describe ? checkRd: (-1) extract_saccades.Rd:99: Lost braces in \itemize; meant \describe ? checkRd: (-1) extract_saccades.Rd:100: Lost braces in \itemize; meant \describe ? checkRd: (-1) extract_saccades.Rd:101: Lost braces in \itemize; meant \describe ? checkRd: (-1) extract_saccades.Rd:102: Lost braces in \itemize; meant \describe ? checkRd: (-1) extract_saccades.Rd:103: Lost braces in \itemize; meant \describe ? checkRd: (-1) extract_saccades.Rd:104: Lost braces in \itemize; meant \describe ? checkRd: (-1) extract_saccades.Rd:105: Lost braces in \itemize; meant \describe ? checkRd: (-1) extract_saccades.Rd:106: Lost braces in \itemize; meant \describe ? checkRd: (-1) extract_saccades.Rd:107: Lost braces in \itemize; meant \describe ? checkRd: (-1) extract_saccades.Rd:108: Lost braces in \itemize; meant \describe ? checkRd: (-1) extract_saccades.Rd:109: Lost braces in \itemize; meant \describe ? checkRd: (-1) extract_saccades.Rd:110: Lost braces in \itemize; meant \describe ? checkRd: (-1) extract_saccades.Rd:111: Lost braces in \itemize; meant \describe ? checkRd: (-1) extract_saccades.Rd:112: Lost braces in \itemize; meant \describe ? checkRd: (-1) extract_saccades.Rd:113: Lost braces in \itemize; meant \describe ? checkRd: (-1) extract_saccades.Rd:114: Lost braces in \itemize; meant \describe ? checkRd: (-1) extract_saccades.Rd:115: Lost braces in \itemize; meant \describe ? checkRd: (-1) extract_saccades.Rd:116: Lost braces in \itemize; meant \describe ? checkRd: (-1) method_ek.Rd:33: Lost braces in \itemize; meant \describe ? checkRd: (-1) method_ek.Rd:34: Lost braces in \itemize; meant \describe ? checkRd: (-1) method_ek.Rd:35: Lost braces in \itemize; meant \describe ? checkRd: (-1) method_ek.Rd:36: Lost braces in \itemize; meant \describe ? checkRd: (-1) method_nh.Rd:33: Lost braces in \itemize; meant \describe ? checkRd: (-1) method_nh.Rd:34: Lost braces in \itemize; meant \describe ? checkRd: (-1) method_nh.Rd:35: Lost braces in \itemize; meant \describe ? checkRd: (-1) method_nh.Rd:36: Lost braces in \itemize; meant \describe ? checkRd: (-1) method_om.Rd:33: Lost braces in \itemize; meant \describe ? checkRd: (-1) method_om.Rd:34: Lost braces in \itemize; meant \describe ? checkRd: (-1) method_om.Rd:35: Lost braces in \itemize; meant \describe ? checkRd: (-1) method_om.Rd:36: Lost braces in \itemize; meant \describe ? Flavors: r-devel-linux-x86_64-debian-clang, r-devel-linux-x86_64-debian-gcc, r-devel-linux-x86_64-fedora-clang, r-devel-linux-x86_64-fedora-gcc, r-devel-windows-x86_64, r-patched-linux-x86_64, r-release-linux-x86_64, r-release-macos-arm64, r-release-windows-x86_64