CRAN Package Check Results for Package rvmethod

Last updated on 2024-06-24 07:53:42 CEST.

Flavor Version Tinstall Tcheck Ttotal Status Flags
r-devel-linux-x86_64-debian-clang 0.1.2 4.36 44.47 48.83 NOTE
r-devel-linux-x86_64-debian-gcc 0.1.2 3.10 31.73 34.83 NOTE
r-devel-linux-x86_64-fedora-clang 0.1.2 57.13 NOTE
r-devel-linux-x86_64-fedora-gcc 0.1.2 55.91 NOTE
r-devel-windows-x86_64 0.1.2 4.00 52.00 56.00 NOTE
r-patched-linux-x86_64 0.1.2 3.06 42.63 45.69 NOTE
r-release-linux-x86_64 0.1.2 4.11 40.11 44.22 NOTE
r-release-macos-arm64 0.1.2 21.00 NOTE
r-release-macos-x86_64 0.1.2 29.00 NOTE
r-release-windows-x86_64 0.1.2 4.00 53.00 57.00 NOTE
r-oldrel-macos-arm64 0.1.2 20.00 NOTE
r-oldrel-macos-x86_64 0.1.2 30.00 NOTE
r-oldrel-windows-x86_64 0.1.2 5.00 60.00 65.00 NOTE

Check Details

Version: 0.1.2
Check: package subdirectories
Result: NOTE Problems with news in ‘NEWS.md’: No news entries found. Flavors: r-devel-linux-x86_64-debian-clang, r-devel-linux-x86_64-debian-gcc, r-devel-linux-x86_64-fedora-clang, r-devel-linux-x86_64-fedora-gcc, r-devel-windows-x86_64, r-patched-linux-x86_64, r-release-linux-x86_64, r-release-macos-arm64, r-release-macos-x86_64, r-release-windows-x86_64, r-oldrel-macos-arm64, r-oldrel-macos-x86_64, r-oldrel-windows-x86_64