CRAN Package Check Results for Package rtypeform

Last updated on 2024-06-14 20:03:31 CEST.

Flavor Version Tinstall Tcheck Ttotal Status Flags
r-devel-linux-x86_64-debian-clang 2.1.0 7.70 57.34 65.04 NOTE
r-devel-linux-x86_64-debian-gcc 2.1.0 5.01 43.26 48.27 NOTE
r-devel-linux-x86_64-fedora-clang 2.1.0 81.59 NOTE
r-devel-linux-x86_64-fedora-gcc 2.1.0 76.36 NOTE
r-devel-windows-x86_64 2.1.0 6.00 65.00 71.00 NOTE
r-patched-linux-x86_64 2.1.0 6.21 54.17 60.38 NOTE
r-release-linux-x86_64 2.1.0 4.23 55.71 59.94 NOTE
r-release-macos-arm64 2.1.0 28.00 NOTE
r-release-macos-x86_64 2.1.0 86.00 NOTE
r-release-windows-x86_64 2.1.0 7.00 73.00 80.00 NOTE
r-oldrel-macos-arm64 2.1.0 27.00 NOTE
r-oldrel-macos-x86_64 2.1.0 40.00 NOTE
r-oldrel-windows-x86_64 2.1.0 9.00 72.00 81.00 NOTE

Check Details

Version: 2.1.0
Check: LazyData
Result: NOTE 'LazyData' is specified without a 'data' directory Flavors: r-devel-linux-x86_64-debian-clang, r-devel-linux-x86_64-debian-gcc, r-devel-linux-x86_64-fedora-clang, r-devel-linux-x86_64-fedora-gcc, r-devel-windows-x86_64, r-patched-linux-x86_64, r-release-linux-x86_64, r-release-macos-arm64, r-release-macos-x86_64, r-release-windows-x86_64, r-oldrel-macos-arm64, r-oldrel-macos-x86_64, r-oldrel-windows-x86_64