CRAN Package Check Results for Package rtk

Last updated on 2024-05-24 19:56:44 CEST.

Flavor Version Tinstall Tcheck Ttotal Status Flags
r-devel-linux-x86_64-debian-clang 0.2.6.1 62.75 37.06 99.81 NOTE
r-devel-linux-x86_64-debian-gcc 0.2.6.1 52.21 28.56 80.77 NOTE
r-devel-linux-x86_64-fedora-clang 0.2.6.1 135.47 NOTE
r-devel-linux-x86_64-fedora-gcc 0.2.6.1 152.19 NOTE
r-devel-windows-x86_64 0.2.6.1 44.00 83.00 127.00 NOTE
r-patched-linux-x86_64 0.2.6.1 62.92 35.04 97.96 NOTE
r-release-linux-x86_64 0.2.6.1 69.25 35.50 104.75 NOTE
r-release-macos-arm64 0.2.6.1 38.00 NOTE
r-release-windows-x86_64 0.2.6.1 46.00 120.00 166.00 NOTE
r-oldrel-macos-arm64 0.2.6.1 42.00 NOTE
r-oldrel-macos-x86_64 0.2.6.1 68.00 NOTE
r-oldrel-windows-x86_64 0.2.6.1 43.00 85.00 128.00 NOTE

Check Details

Version: 0.2.6.1
Check: C++ specification
Result: NOTE Specified C++11: please drop specification unless essential Flavors: r-devel-linux-x86_64-debian-clang, r-devel-linux-x86_64-debian-gcc, r-devel-linux-x86_64-fedora-clang, r-devel-linux-x86_64-fedora-gcc, r-devel-windows-x86_64, r-patched-linux-x86_64, r-release-linux-x86_64, r-release-macos-arm64, r-release-windows-x86_64, r-oldrel-macos-arm64, r-oldrel-macos-x86_64, r-oldrel-windows-x86_64

Version: 0.2.6.1
Check: installed package size
Result: NOTE installed size is 7.2Mb sub-directories of 1Mb or more: libs 7.1Mb Flavors: r-release-macos-arm64, r-oldrel-macos-arm64, r-oldrel-macos-x86_64