CRAN Package Check Results for Package rskey

Last updated on 2024-06-24 07:53:42 CEST.

Flavor Version Tinstall Tcheck Ttotal Status Flags
r-devel-linux-x86_64-debian-clang 0.4.4 2.33 25.35 27.68 NOTE
r-devel-linux-x86_64-debian-gcc 0.4.4 1.94 19.72 21.66 NOTE
r-devel-linux-x86_64-fedora-clang 0.4.4 34.88 NOTE
r-devel-linux-x86_64-fedora-gcc 0.4.4 33.18 NOTE
r-devel-windows-x86_64 0.4.4 3.00 41.00 44.00 NOTE
r-patched-linux-x86_64 0.4.4 3.99 24.38 28.37 NOTE
r-release-linux-x86_64 0.4.4 2.39 24.59 26.98 NOTE
r-release-macos-arm64 0.4.4 15.00 NOTE
r-release-macos-x86_64 0.4.4 21.00 NOTE
r-release-windows-x86_64 0.4.4 4.00 41.00 45.00 NOTE
r-oldrel-macos-arm64 0.4.4 16.00 NOTE
r-oldrel-macos-x86_64 0.4.4 22.00 NOTE
r-oldrel-windows-x86_64 0.4.4 3.00 42.00 45.00 NOTE

Check Details

Version: 0.4.4
Check: LazyData
Result: NOTE 'LazyData' is specified without a 'data' directory Flavors: r-devel-linux-x86_64-debian-clang, r-devel-linux-x86_64-debian-gcc, r-devel-linux-x86_64-fedora-clang, r-devel-linux-x86_64-fedora-gcc, r-devel-windows-x86_64, r-patched-linux-x86_64, r-release-linux-x86_64, r-release-macos-arm64, r-release-macos-x86_64, r-release-windows-x86_64, r-oldrel-macos-arm64, r-oldrel-macos-x86_64, r-oldrel-windows-x86_64