Last updated on 2023-12-10 18:52:23 CET.
Flavor | Version | Tinstall | Tcheck | Ttotal | Status | Flags |
---|---|---|---|---|---|---|
r-devel-linux-x86_64-debian-clang | 0.5-0 | 12.80 | 67.06 | 79.86 | NOTE | |
r-devel-linux-x86_64-debian-gcc | 0.5-0 | 9.64 | 51.42 | 61.06 | NOTE | |
r-devel-linux-x86_64-fedora-clang | 0.5-0 | 107.53 | OK | |||
r-devel-linux-x86_64-fedora-gcc | 0.5-0 | 95.19 | OK | |||
r-devel-windows-x86_64 | 0.5-0 | 14.00 | 75.00 | 89.00 | OK | |
r-patched-linux-x86_64 | 0.5-0 | 16.25 | 66.25 | 82.50 | OK | |
r-release-linux-x86_64 | 0.5-0 | 13.99 | 65.91 | 79.90 | OK | |
r-release-macos-arm64 | 0.5-0 | 31.00 | OK | |||
r-release-macos-x86_64 | 0.5-0 | 81.00 | OK | |||
r-release-windows-x86_64 | 0.5-0 | 18.00 | 85.00 | 103.00 | OK | |
r-oldrel-macos-arm64 | 0.5-0 | 34.00 | OK | |||
r-oldrel-macos-x86_64 | 0.5-0 | 46.00 | OK | |||
r-oldrel-windows-x86_64 | 0.5-0 | 17.00 | 88.00 | 105.00 | OK |
Version: 0.5-0
Check: Rd files
Result: NOTE
checkRd: (-1) impseq.Rd:29: Lost braces
29 | \emph{Computational Biology and Chemistry}, bold{31}, 320--327.
| ^
checkRd: (-1) impseqrob.Rd:39: Lost braces
39 | \emph{Computational Biology and Chemistry}, bold{31}, 320--327.
| ^
Flavors: r-devel-linux-x86_64-debian-clang, r-devel-linux-x86_64-debian-gcc