CRAN Package Check Results for Package rprime

Last updated on 2024-06-14 20:03:31 CEST.

Flavor Version Tinstall Tcheck Ttotal Status Flags
r-devel-linux-x86_64-debian-clang 0.1.2 4.38 57.70 62.08 NOTE
r-devel-linux-x86_64-debian-gcc 0.1.2 2.87 44.19 47.06 NOTE
r-devel-linux-x86_64-fedora-clang 0.1.2 80.13 NOTE
r-devel-linux-x86_64-fedora-gcc 0.1.2 89.09 NOTE
r-devel-windows-x86_64 0.1.2 5.00 66.00 71.00 NOTE
r-patched-linux-x86_64 0.1.2 6.59 57.12 63.71 NOTE
r-release-linux-x86_64 0.1.2 3.97 57.50 61.47 NOTE
r-release-macos-arm64 0.1.2 33.00 NOTE
r-release-macos-x86_64 0.1.2 49.00 NOTE
r-release-windows-x86_64 0.1.2 5.00 67.00 72.00 NOTE
r-oldrel-macos-arm64 0.1.2 34.00 NOTE
r-oldrel-macos-x86_64 0.1.2 52.00 NOTE
r-oldrel-windows-x86_64 0.1.2 6.00 69.00 75.00 NOTE

Check Details

Version: 0.1.2
Check: LazyData
Result: NOTE 'LazyData' is specified without a 'data' directory Flavors: r-devel-linux-x86_64-debian-clang, r-devel-linux-x86_64-debian-gcc, r-devel-linux-x86_64-fedora-clang, r-devel-linux-x86_64-fedora-gcc, r-devel-windows-x86_64, r-patched-linux-x86_64, r-release-linux-x86_64, r-release-macos-arm64, r-release-macos-x86_64, r-release-windows-x86_64, r-oldrel-macos-arm64, r-oldrel-macos-x86_64, r-oldrel-windows-x86_64