CRAN Package Check Results for Package rpivotTable

Last updated on 2024-07-23 20:49:20 CEST.

Flavor Version Tinstall Tcheck Ttotal Status Flags
r-devel-linux-x86_64-debian-clang 0.3.0 2.82 39.52 42.34 NOTE
r-devel-linux-x86_64-debian-gcc 0.3.0 2.16 30.58 32.74 NOTE
r-devel-linux-x86_64-fedora-clang 0.3.0 55.34 NOTE
r-devel-linux-x86_64-fedora-gcc 0.3.0 64.80 NOTE
r-devel-windows-x86_64 0.3.0 5.00 53.00 58.00 NOTE
r-patched-linux-x86_64 0.3.0 3.04 37.90 40.94 NOTE
r-release-linux-x86_64 0.3.0 2.43 37.30 39.73 NOTE
r-release-macos-arm64 0.3.0 30.00 NOTE
r-release-macos-x86_64 0.3.0 40.00 NOTE
r-release-windows-x86_64 0.3.0 4.00 53.00 57.00 NOTE
r-oldrel-macos-arm64 0.3.0 29.00 OK
r-oldrel-macos-x86_64 0.3.0 41.00 OK
r-oldrel-windows-x86_64 0.3.0 5.00 54.00 59.00 OK

Check Details

Version: 0.3.0
Check: Rd files
Result: NOTE checkRd: (-1) rpivotTable.Rd:60: Lost braces; missing escapes or markup? 60 | An example is: onRefresh=htmlwidgets::JS("function(config) { Shiny.onInputChange('myPivotData', config); }") | ^ Flavors: r-devel-linux-x86_64-debian-clang, r-devel-linux-x86_64-debian-gcc, r-devel-linux-x86_64-fedora-clang, r-devel-linux-x86_64-fedora-gcc, r-devel-windows-x86_64, r-patched-linux-x86_64, r-release-linux-x86_64, r-release-macos-arm64, r-release-macos-x86_64, r-release-windows-x86_64