CRAN Package Check Results for Package rmfanova

Last updated on 2024-04-18 07:58:27 CEST.

Flavor Version Tinstall Tcheck Ttotal Status Flags
r-devel-linux-x86_64-debian-clang 0.1.0 12.95 115.83 128.78 OK
r-devel-linux-x86_64-debian-gcc 0.1.0 10.81 85.20 96.01 OK
r-devel-linux-x86_64-fedora-clang 0.1.0 160.52 OK
r-devel-linux-x86_64-fedora-gcc 0.1.0 151.33 OK
r-prerel-macos-arm64 0.1.0 44.00 OK
r-prerel-windows-x86_64 0.1.0 13.00 95.00 108.00 OK
r-patched-linux-x86_64 0.1.0 10.48 108.44 118.92 OK
r-release-linux-x86_64 0.1.0 10.96 109.22 120.18 OK
r-release-macos-arm64 0.1.0 50.00 OK
r-release-macos-x86_64 0.1.0 107.00 OK
r-release-windows-x86_64 0.1.0 17.00 116.00 133.00 OK
r-oldrel-macos-arm64 0.1.0 63.00 ERROR
r-oldrel-windows-x86_64 0.1.0 18.00 119.00 137.00 OK

Check Details

Version: 0.1.0
Check: PDF version of manual
Result: WARN LaTeX errors when creating PDF version. This typically indicates Rd problems. LaTeX errors found: ! Undefined control sequence. <argument> ... (t+(r-1))\neq \mu (t+(s-1))\ \text {for some}\ t\in [0,1],\\ ... l.380 \end{array}\right.}{} Flavor: r-oldrel-macos-arm64

Version: 0.1.0
Check: PDF version of manual without index
Result: ERROR
Flavor: r-oldrel-macos-arm64