CRAN Package Check Results for Package riingo

Last updated on 2024-06-22 04:49:07 CEST.

Flavor Version Tinstall Tcheck Ttotal Status Flags
r-devel-linux-x86_64-debian-clang 0.3.1 3.93 38.76 42.69 NOTE
r-devel-linux-x86_64-debian-gcc 0.3.1 2.97 29.32 32.29 NOTE
r-devel-linux-x86_64-fedora-clang 0.3.1 53.27 NOTE
r-devel-linux-x86_64-fedora-gcc 0.3.1 50.60 NOTE
r-devel-windows-x86_64 0.3.1 5.00 57.00 62.00 NOTE
r-patched-linux-x86_64 0.3.1 5.20 37.07 42.27 NOTE
r-release-linux-x86_64 0.3.1 3.66 37.00 40.66 NOTE
r-release-macos-arm64 0.3.1 21.00 NOTE
r-release-macos-x86_64 0.3.1 29.00 NOTE
r-release-windows-x86_64 0.3.1 5.00 58.00 63.00 NOTE
r-oldrel-macos-arm64 0.3.1 22.00 NOTE
r-oldrel-macos-x86_64 0.3.1 28.00 NOTE
r-oldrel-windows-x86_64 0.3.1 6.00 62.00 68.00 NOTE

Check Details

Version: 0.3.1
Check: LazyData
Result: NOTE 'LazyData' is specified without a 'data' directory Flavors: r-devel-linux-x86_64-debian-clang, r-devel-linux-x86_64-debian-gcc, r-devel-linux-x86_64-fedora-clang, r-devel-linux-x86_64-fedora-gcc, r-devel-windows-x86_64, r-patched-linux-x86_64, r-release-linux-x86_64, r-release-macos-arm64, r-release-macos-x86_64, r-release-windows-x86_64, r-oldrel-macos-arm64, r-oldrel-macos-x86_64, r-oldrel-windows-x86_64