CRAN Package Check Results for Package revdbayes

Last updated on 2024-06-12 19:54:34 CEST.

Flavor Version Tinstall Tcheck Ttotal Status Flags
r-devel-linux-x86_64-debian-clang 1.5.3 60.14 510.53 570.67 OK
r-devel-linux-x86_64-debian-gcc 1.5.3 0.54 1.72 2.26 ERROR
r-devel-linux-x86_64-fedora-clang 1.5.3 723.71 OK
r-devel-linux-x86_64-fedora-gcc 1.5.3 700.88 OK
r-devel-windows-x86_64 1.5.3 48.00 370.00 418.00 OK
r-patched-linux-x86_64 1.5.3 59.30 504.01 563.31 OK
r-release-linux-x86_64 1.5.3 40.96 488.39 529.35 OK
r-release-macos-arm64 1.5.3 157.00 NOTE
r-release-macos-x86_64 1.5.3 262.00 OK
r-release-windows-x86_64 1.5.3 48.00 381.00 429.00 OK
r-oldrel-macos-arm64 1.5.3 147.00 NOTE
r-oldrel-macos-x86_64 1.5.3 403.00 NOTE
r-oldrel-windows-x86_64 1.5.3 65.00 464.00 529.00 OK

Check Details

Version: 1.5.3
Check: package dependencies
Result: ERROR Package required but not available: ‘bayesplot’ Packages suggested but not available for checking: 'ggplot2', 'testthat' See section ‘The DESCRIPTION file’ in the ‘Writing R Extensions’ manual. Flavor: r-devel-linux-x86_64-debian-gcc

Version: 1.5.3
Check: installed package size
Result: NOTE installed size is 5.4Mb sub-directories of 1Mb or more: libs 4.2Mb Flavors: r-release-macos-arm64, r-oldrel-macos-arm64, r-oldrel-macos-x86_64