CRAN Package Check Results for Package repo

Last updated on 2024-04-22 08:51:36 CEST.

Flavor Version Tinstall Tcheck Ttotal Status Flags
r-devel-linux-x86_64-debian-clang 2.1.5 3.69 43.08 46.77 NOTE
r-devel-linux-x86_64-debian-gcc 2.1.5 3.45 31.80 35.25 NOTE
r-devel-linux-x86_64-fedora-clang 2.1.5 59.02 NOTE
r-devel-linux-x86_64-fedora-gcc 2.1.5 79.56 NOTE
r-prerel-macos-arm64 2.1.5 28.00 NOTE
r-prerel-windows-x86_64 2.1.5 5.00 60.00 65.00 NOTE
r-patched-linux-x86_64 2.1.5 4.96 40.94 45.90 NOTE
r-release-linux-x86_64 2.1.5 2.83 39.47 42.30 NOTE
r-release-macos-arm64 2.1.5 29.00 NOTE
r-release-macos-x86_64 2.1.5 39.00 NOTE
r-release-windows-x86_64 2.1.5 5.00 60.00 65.00 NOTE
r-oldrel-macos-arm64 2.1.5 26.00 OK
r-oldrel-windows-x86_64 2.1.5 6.00 60.00 66.00 OK

Check Details

Version: 2.1.5
Check: package subdirectories
Result: NOTE Problems with news in ‘NEWS.md’: No news entries found. Flavors: r-devel-linux-x86_64-debian-clang, r-devel-linux-x86_64-debian-gcc, r-devel-linux-x86_64-fedora-clang, r-devel-linux-x86_64-fedora-gcc, r-prerel-macos-arm64, r-prerel-windows-x86_64, r-patched-linux-x86_64, r-release-linux-x86_64, r-release-macos-arm64, r-release-macos-x86_64, r-release-windows-x86_64

Version: 2.1.5
Check: Rd files
Result: NOTE checkRd: (-1) repo_build.Rd:44-47: Lost braces 44 | ## chunk "item 1" { | ^ checkRd: (-1) repo_dependencies.Rd:48: Lost braces in \itemize; meant \describe ? checkRd: (-1) repo_dependencies.Rd:49-50: Lost braces in \itemize; meant \describe ? checkRd: (-1) repo_dependencies.Rd:51-53: Lost braces in \itemize; meant \describe ? Flavors: r-devel-linux-x86_64-debian-clang, r-devel-linux-x86_64-debian-gcc, r-devel-linux-x86_64-fedora-clang, r-devel-linux-x86_64-fedora-gcc, r-prerel-macos-arm64, r-prerel-windows-x86_64, r-patched-linux-x86_64