CRAN Package Check Results for Package replicateBE

Last updated on 2024-05-19 07:56:56 CEST.

Flavor Version Tinstall Tcheck Ttotal Status Flags
r-devel-linux-x86_64-debian-clang 1.1.3 15.07 222.05 237.12 NOTE
r-devel-linux-x86_64-debian-gcc 1.1.3 12.72 142.48 155.20 NOTE
r-devel-linux-x86_64-fedora-clang 1.1.3 290.89 NOTE
r-devel-linux-x86_64-fedora-gcc 1.1.3 349.18 NOTE
r-devel-windows-x86_64 1.1.3 14.00 145.00 159.00 NOTE
r-patched-linux-x86_64 1.1.3 14.46 204.84 219.30 NOTE
r-release-linux-x86_64 1.1.3 15.20 202.30 217.50 NOTE
r-release-macos-arm64 1.1.3 72.00 NOTE
r-release-windows-x86_64 1.1.3 15.00 148.00 163.00 NOTE
r-oldrel-macos-arm64 1.1.3 84.00 OK
r-oldrel-macos-x86_64 1.1.3 135.00 OK
r-oldrel-windows-x86_64 1.1.3 20.00 187.00 207.00 OK

Check Details

Version: 1.1.3
Check: Rd files
Result: NOTE checkRd: (-1) method.A.Rd:200-205: Lost braces in \itemize; \value handles \item{}{} directly checkRd: (-1) method.A.Rd:206-211: Lost braces in \itemize; \value handles \item{}{} directly checkRd: (-1) method.A.Rd:231-236: Lost braces in \itemize; \value handles \item{}{} directly checkRd: (-1) method.A.Rd:237-242: Lost braces in \itemize; \value handles \item{}{} directly checkRd: (-1) method.B.Rd:201-206: Lost braces in \itemize; \value handles \item{}{} directly checkRd: (-1) method.B.Rd:207-212: Lost braces in \itemize; \value handles \item{}{} directly checkRd: (-1) method.B.Rd:232-237: Lost braces in \itemize; \value handles \item{}{} directly checkRd: (-1) method.B.Rd:238-243: Lost braces in \itemize; \value handles \item{}{} directly Flavors: r-devel-linux-x86_64-debian-clang, r-devel-linux-x86_64-debian-gcc, r-devel-linux-x86_64-fedora-clang, r-devel-linux-x86_64-fedora-gcc, r-devel-windows-x86_64, r-patched-linux-x86_64, r-release-linux-x86_64, r-release-macos-arm64, r-release-windows-x86_64