CRAN Package Check Results for Package recombinator

Last updated on 2024-05-24 19:56:42 CEST.

Flavor Version Tinstall Tcheck Ttotal Status Flags
r-devel-linux-x86_64-debian-clang 1.0.1 1.94 25.07 27.01 NOTE
r-devel-linux-x86_64-debian-gcc 1.0.1 1.60 19.77 21.37 NOTE
r-devel-linux-x86_64-fedora-clang 1.0.1 34.56 NOTE
r-devel-linux-x86_64-fedora-gcc 1.0.1 33.15 NOTE
r-devel-windows-x86_64 1.0.1 3.00 42.00 45.00 NOTE
r-patched-linux-x86_64 1.0.1 2.31 24.77 27.08 NOTE
r-release-linux-x86_64 1.0.1 1.91 24.87 26.78 NOTE
r-release-macos-arm64 1.0.1 15.00 NOTE
r-release-windows-x86_64 1.0.1 3.00 75.00 78.00 NOTE
r-oldrel-macos-arm64 1.0.1 18.00 NOTE
r-oldrel-macos-x86_64 1.0.1 20.00 NOTE
r-oldrel-windows-x86_64 1.0.1 2.00 42.00 44.00 NOTE

Check Details

Version: 1.0.1
Check: Rd files
Result: NOTE checkRd: (-1) recombinator.Rd:32-34: Lost braces in \enumerate; meant \describe ? checkRd: (-1) recombinator.Rd:35-38: Lost braces in \enumerate; meant \describe ? Flavors: r-devel-linux-x86_64-debian-clang, r-devel-linux-x86_64-debian-gcc, r-devel-linux-x86_64-fedora-clang, r-devel-linux-x86_64-fedora-gcc, r-devel-windows-x86_64, r-patched-linux-x86_64, r-release-linux-x86_64, r-release-macos-arm64, r-release-windows-x86_64

Version: 1.0.1
Check: LazyData
Result: NOTE 'LazyData' is specified without a 'data' directory Flavors: r-devel-linux-x86_64-debian-clang, r-devel-linux-x86_64-debian-gcc, r-devel-linux-x86_64-fedora-clang, r-devel-linux-x86_64-fedora-gcc, r-devel-windows-x86_64, r-patched-linux-x86_64, r-release-linux-x86_64, r-release-macos-arm64, r-release-windows-x86_64, r-oldrel-macos-arm64, r-oldrel-macos-x86_64, r-oldrel-windows-x86_64