CRAN Package Check Results for Package recogito

Last updated on 2024-06-24 07:53:41 CEST.

Flavor Version Tinstall Tcheck Ttotal Status Flags
r-devel-linux-x86_64-debian-clang 0.2.1 6.62 38.70 45.32 OK
r-devel-linux-x86_64-debian-gcc 0.2.1 2.73 28.31 31.04 OK
r-devel-linux-x86_64-fedora-clang 0.2.1 49.63 NOTE
r-devel-linux-x86_64-fedora-gcc 0.2.1 49.65 OK
r-devel-windows-x86_64 0.2.1 7.00 49.00 56.00 NOTE
r-patched-linux-x86_64 0.2.1 7.95 35.37 43.32 OK
r-release-linux-x86_64 0.2.1 7.09 34.78 41.87 OK
r-release-macos-arm64 0.2.1 22.00 NOTE
r-release-macos-x86_64 0.2.1 30.00 NOTE
r-release-windows-x86_64 0.2.1 7.00 50.00 57.00 NOTE
r-oldrel-macos-arm64 0.2.1 27.00 NOTE
r-oldrel-macos-x86_64 0.2.1 29.00 NOTE
r-oldrel-windows-x86_64 0.2.1 8.00 54.00 62.00 NOTE

Check Details

Version: 0.2.1
Check: package dependencies
Result: NOTE Package suggested but not available for checking: ‘opencv’ Flavor: r-devel-linux-x86_64-fedora-clang

Version: 0.2.1
Check: installed package size
Result: NOTE installed size is 10.4Mb sub-directories of 1Mb or more: htmlwidgets 9.9Mb Flavors: r-devel-linux-x86_64-fedora-clang, r-devel-windows-x86_64, r-release-macos-arm64, r-release-macos-x86_64, r-release-windows-x86_64, r-oldrel-macos-arm64, r-oldrel-macos-x86_64, r-oldrel-windows-x86_64