CRAN Package Check Results for Package rapsimng

Last updated on 2024-06-13 07:50:41 CEST.

Flavor Version Tinstall Tcheck Ttotal Status Flags
r-devel-linux-x86_64-debian-clang 0.4.4 6.24 54.54 60.78 OK
r-devel-linux-x86_64-debian-gcc 0.4.4 0.28 1.82 2.10 ERROR
r-devel-linux-x86_64-fedora-clang 0.4.4 77.23 OK
r-devel-linux-x86_64-fedora-gcc 0.4.4 84.37 OK
r-devel-windows-x86_64 0.4.4 6.00 67.00 73.00 OK
r-patched-linux-x86_64 0.4.4 6.41 54.10 60.51 OK
r-release-linux-x86_64 0.4.4 4.77 53.33 58.10 OK
r-release-macos-arm64 0.4.4 32.00 OK
r-release-macos-x86_64 0.4.4 48.00 OK
r-release-windows-x86_64 0.4.4 7.00 70.00 77.00 OK
r-oldrel-macos-arm64 0.4.4 48.00 OK
r-oldrel-macos-x86_64 0.4.4 73.00 OK
r-oldrel-windows-x86_64 0.4.4 8.00 78.00 86.00 OK

Check Details

Version: 0.4.4
Check: package dependencies
Result: ERROR Packages required but not available: 'tibble', 'dplyr', 'RSQLite' Packages suggested but not available for checking: 'testthat', 'tidyverse' See section ‘The DESCRIPTION file’ in the ‘Writing R Extensions’ manual. Flavor: r-devel-linux-x86_64-debian-gcc