CRAN Package Check Results for Package randquotes

Last updated on 2024-06-16 19:53:26 CEST.

Flavor Version Tinstall Tcheck Ttotal Status Flags
r-devel-linux-x86_64-debian-clang 0.1.1 2.42 29.33 31.75 NOTE
r-devel-linux-x86_64-debian-gcc 0.1.1 2.36 22.97 25.33 NOTE
r-devel-linux-x86_64-fedora-clang 0.1.1 40.73 NOTE
r-devel-linux-x86_64-fedora-gcc 0.1.1 38.71 NOTE
r-devel-windows-x86_64 0.1.1 3.00 44.00 47.00 NOTE
r-patched-linux-x86_64 0.1.1 3.12 28.18 31.30 NOTE
r-release-linux-x86_64 0.1.1 2.52 28.57 31.09 NOTE
r-release-macos-arm64 0.1.1 22.00 NOTE
r-release-macos-x86_64 0.1.1 29.00 NOTE
r-release-windows-x86_64 0.1.1 4.00 45.00 49.00 NOTE
r-oldrel-macos-arm64 0.1.1 18.00 NOTE
r-oldrel-macos-x86_64 0.1.1 23.00 NOTE
r-oldrel-windows-x86_64 0.1.1 4.00 47.00 51.00 NOTE

Check Details

Version: 0.1.1
Check: package subdirectories
Result: NOTE Problems with news in ‘NEWS.md’: No news entries found. Flavors: r-devel-linux-x86_64-debian-clang, r-devel-linux-x86_64-debian-gcc, r-devel-linux-x86_64-fedora-clang, r-devel-linux-x86_64-fedora-gcc, r-devel-windows-x86_64, r-patched-linux-x86_64, r-release-linux-x86_64, r-release-macos-arm64, r-release-macos-x86_64, r-release-windows-x86_64, r-oldrel-macos-arm64, r-oldrel-macos-x86_64, r-oldrel-windows-x86_64

Version: 0.1.1
Check: dependencies in R code
Result: NOTE Namespaces in Imports field not imported from: ‘curl’ ‘jsonlite’ All declared Imports should be used. Flavors: r-devel-linux-x86_64-fedora-clang, r-devel-linux-x86_64-fedora-gcc