CRAN Package Check Results for Package randomcoloR

Last updated on 2024-07-22 20:55:51 CEST.

Flavor Version Tinstall Tcheck Ttotal Status Flags
r-devel-linux-x86_64-debian-clang 1.1.0.1 4.60 43.04 47.64 NOTE
r-devel-linux-x86_64-debian-gcc 1.1.0.1 3.18 33.11 36.29 NOTE
r-devel-linux-x86_64-fedora-clang 1.1.0.1 58.77 NOTE
r-devel-linux-x86_64-fedora-gcc 1.1.0.1 55.63 NOTE
r-devel-windows-x86_64 1.1.0.1 5.00 57.00 62.00 NOTE
r-patched-linux-x86_64 1.1.0.1 3.65 40.29 43.94 NOTE
r-release-linux-x86_64 1.1.0.1 4.83 41.30 46.13 NOTE
r-release-macos-arm64 1.1.0.1 20.00 NOTE
r-release-macos-x86_64 1.1.0.1 32.00 NOTE
r-release-windows-x86_64 1.1.0.1 5.00 56.00 61.00 NOTE
r-oldrel-macos-arm64 1.1.0.1 23.00 NOTE
r-oldrel-macos-x86_64 1.1.0.1 38.00 NOTE
r-oldrel-windows-x86_64 1.1.0.1 6.00 61.00 67.00 NOTE

Check Details

Version: 1.1.0.1
Check: LazyData
Result: NOTE 'LazyData' is specified without a 'data' directory Flavors: r-devel-linux-x86_64-debian-clang, r-devel-linux-x86_64-debian-gcc, r-devel-linux-x86_64-fedora-clang, r-devel-linux-x86_64-fedora-gcc, r-devel-windows-x86_64, r-patched-linux-x86_64, r-release-linux-x86_64, r-release-macos-arm64, r-release-macos-x86_64, r-release-windows-x86_64, r-oldrel-macos-arm64, r-oldrel-macos-x86_64, r-oldrel-windows-x86_64