CRAN Package Check Results for Package random.cdisc.data

Last updated on 2025-01-19 09:48:29 CET.

Flavor Version Tinstall Tcheck Ttotal Status Flags
r-devel-linux-x86_64-debian-clang 0.3.16 12.01 177.60 189.61 OK
r-devel-linux-x86_64-debian-gcc 0.3.16 7.49 110.79 118.28 OK
r-devel-linux-x86_64-fedora-clang 0.3.16 310.34 OK
r-devel-linux-x86_64-fedora-gcc 0.3.16 300.28 OK
r-devel-windows-x86_64 0.3.16 15.00 175.00 190.00 OK
r-patched-linux-x86_64 0.3.16 11.94 167.28 179.22 OK
r-release-linux-x86_64 0.3.16 10.98 168.22 179.20 OK
r-release-macos-arm64 0.3.16 85.00 NOTE
r-release-macos-x86_64 0.3.16 157.00 NOTE
r-release-windows-x86_64 0.3.16 16.00 173.00 189.00 NOTE
r-oldrel-macos-arm64 0.3.16 84.00 NOTE
r-oldrel-macos-x86_64 0.3.16 164.00 NOTE
r-oldrel-windows-x86_64 0.3.16 20.00 216.00 236.00 NOTE

Check Details

Version: 0.3.16
Check: installed package size
Result: NOTE installed size is 6.0Mb sub-directories of 1Mb or more: data 5.4Mb Flavors: r-release-macos-arm64, r-release-macos-x86_64, r-release-windows-x86_64, r-oldrel-macos-arm64, r-oldrel-macos-x86_64, r-oldrel-windows-x86_64