CRAN Package Check Results for Package randgeo

Last updated on 2024-05-29 07:58:12 CEST.

Flavor Version Tinstall Tcheck Ttotal Status Flags
r-devel-linux-x86_64-debian-clang 0.3.0 2.61 30.70 33.31 NOTE
r-devel-linux-x86_64-debian-gcc 0.3.0 1.99 23.67 25.66 NOTE
r-devel-linux-x86_64-fedora-clang 0.3.0 43.21 NOTE
r-devel-linux-x86_64-fedora-gcc 0.3.0 52.24 NOTE
r-devel-windows-x86_64 0.3.0 3.00 47.00 50.00 NOTE
r-patched-linux-x86_64 0.3.0 2.50 29.56 32.06 NOTE
r-release-linux-x86_64 0.3.0 2.43 28.64 31.07 NOTE
r-release-macos-arm64 0.3.0 24.00 NOTE
r-release-windows-x86_64 0.3.0 3.00 47.00 50.00 NOTE
r-oldrel-macos-arm64 0.3.0 23.00 NOTE
r-oldrel-macos-x86_64 0.3.0 33.00 NOTE
r-oldrel-windows-x86_64 0.3.0 4.00 47.00 51.00 NOTE

Check Details

Version: 0.3.0
Check: LazyData
Result: NOTE 'LazyData' is specified without a 'data' directory Flavors: r-devel-linux-x86_64-debian-clang, r-devel-linux-x86_64-debian-gcc, r-devel-linux-x86_64-fedora-clang, r-devel-linux-x86_64-fedora-gcc, r-devel-windows-x86_64, r-patched-linux-x86_64, r-release-linux-x86_64, r-release-macos-arm64, r-release-windows-x86_64, r-oldrel-macos-arm64, r-oldrel-macos-x86_64, r-oldrel-windows-x86_64