CRAN Package Check Results for Package radiant.multivariate

Last updated on 2024-05-27 07:49:33 CEST.

Flavor Version Tinstall Tcheck Ttotal Status Flags
r-devel-linux-x86_64-debian-clang 1.6.6 20.55 174.52 195.07 OK
r-devel-linux-x86_64-debian-gcc 1.6.6 18.32 128.67 146.99 OK
r-devel-linux-x86_64-fedora-clang 1.6.6 239.38 OK
r-devel-linux-x86_64-fedora-gcc 1.6.6 238.41 OK
r-devel-windows-x86_64 1.6.6 20.00 139.00 159.00 OK
r-patched-linux-x86_64 1.6.6 21.08 164.73 185.81 OK
r-release-linux-x86_64 1.6.6 17.26 161.60 178.86 OK
r-release-macos-arm64 1.6.6 39.00 OK
r-release-macos-x86_64 1.6.6 8.00 ERROR
r-release-windows-x86_64 1.6.6 20.00 144.00 164.00 OK
r-oldrel-macos-arm64 1.6.6 49.00 OK
r-oldrel-macos-x86_64 1.6.6 78.00 OK
r-oldrel-windows-x86_64 1.6.6 26.00 182.00 208.00 OK

Check Details

Version: 1.6.6
Check: package dependencies
Result: ERROR Packages required and available but unsuitable versions: 'radiant.data', 'radiant.model' See section ‘The DESCRIPTION file’ in the ‘Writing R Extensions’ manual. Flavor: r-release-macos-x86_64