CRAN Package Check Results for Package radiant.data

Last updated on 2024-05-26 08:05:20 CEST.

Flavor Version Tinstall Tcheck Ttotal Status Flags
r-devel-linux-x86_64-debian-clang 1.6.6 18.49 141.23 159.72 OK
r-devel-linux-x86_64-debian-gcc 1.6.6 13.94 105.08 119.02 OK
r-devel-linux-x86_64-fedora-clang 1.6.6 208.35 NOTE
r-devel-linux-x86_64-fedora-gcc 1.6.6 202.37 OK
r-devel-windows-x86_64 1.6.6 19.00 147.00 166.00 OK
r-patched-linux-x86_64 1.6.6 14.10 138.06 152.16 OK
r-release-linux-x86_64 1.6.6 17.10 134.34 151.44 OK
r-release-macos-arm64 1.6.6 55.00 OK
r-release-macos-x86_64 1.6.6 7.00 ERROR
r-release-windows-x86_64 1.6.6 17.00 149.00 166.00 OK
r-oldrel-macos-arm64 1.6.6 63.00 OK
r-oldrel-macos-x86_64 1.6.6 164.00 OK
r-oldrel-windows-x86_64 1.6.6 23.00 171.00 194.00 OK

Check Details

Version: 1.6.6
Check: package dependencies
Result: NOTE Imports includes 30 non-default packages. Importing from so many packages makes the package vulnerable to any of them becoming unavailable. Move as many as possible to Suggests and use conditionally. Flavor: r-devel-linux-x86_64-fedora-clang

Version: 1.6.6
Check: package dependencies
Result: ERROR Package required but not available: ‘arrow’ See section ‘The DESCRIPTION file’ in the ‘Writing R Extensions’ manual. Flavor: r-release-macos-x86_64