CRAN Package Check Results for Package radiant.basics

Last updated on 2024-05-19 19:53:21 CEST.

Flavor Version Tinstall Tcheck Ttotal Status Flags
r-devel-linux-x86_64-debian-clang 1.6.6 16.76 136.29 153.05 OK
r-devel-linux-x86_64-debian-gcc 1.6.6 13.23 101.11 114.34 OK
r-devel-linux-x86_64-fedora-clang 1.6.6 196.66 OK
r-devel-linux-x86_64-fedora-gcc 1.6.6 183.62 OK
r-devel-windows-x86_64 1.6.6 17.00 125.00 142.00 OK
r-patched-linux-x86_64 1.6.0 19.03 132.64 151.67 OK
r-release-linux-x86_64 1.6.0 15.36 133.39 148.75 OK
r-release-macos-arm64 1.6.6 51.00 OK
r-release-macos-x86_64 1.6.6 7.00 ERROR
r-release-windows-x86_64 1.6.6 16.00 128.00 144.00 OK
r-oldrel-macos-arm64 1.6.6 51.00 OK
r-oldrel-macos-x86_64 1.6.6 128.00 OK
r-oldrel-windows-x86_64 1.6.6 16.00 153.00 169.00 OK

Check Details

Version: 1.6.6
Check: package dependencies
Result: ERROR Package required and available but unsuitable version: ‘radiant.data’ See section ‘The DESCRIPTION file’ in the ‘Writing R Extensions’ manual. Flavor: r-release-macos-x86_64