CRAN Package Check Results for Package r6extended

Last updated on 2024-05-22 07:58:50 CEST.

Flavor Version Tinstall Tcheck Ttotal Status Flags
r-devel-linux-x86_64-debian-clang 0.1.2 3.11 23.48 26.59 NOTE
r-devel-linux-x86_64-debian-gcc 0.1.2 2.47 17.83 20.30 NOTE
r-devel-linux-x86_64-fedora-clang 0.1.2 34.57 NOTE
r-devel-linux-x86_64-fedora-gcc 0.1.2 31.00 NOTE
r-devel-windows-x86_64 0.1.2 3.00 41.00 44.00 NOTE
r-patched-linux-x86_64 0.1.2 4.76 22.75 27.51 NOTE
r-release-linux-x86_64 0.1.2 2.27 22.72 24.99 NOTE
r-release-macos-arm64 0.1.2 16.00 NOTE
r-release-windows-x86_64 0.1.2 3.00 40.00 43.00 NOTE
r-oldrel-macos-arm64 0.1.2 17.00 NOTE
r-oldrel-macos-x86_64 0.1.2 22.00 NOTE
r-oldrel-windows-x86_64 0.1.2 3.00 42.00 45.00 NOTE

Check Details

Version: 0.1.2
Check: LazyData
Result: NOTE 'LazyData' is specified without a 'data' directory Flavors: r-devel-linux-x86_64-debian-clang, r-devel-linux-x86_64-debian-gcc, r-devel-linux-x86_64-fedora-clang, r-devel-linux-x86_64-fedora-gcc, r-devel-windows-x86_64, r-patched-linux-x86_64, r-release-linux-x86_64, r-release-macos-arm64, r-release-windows-x86_64, r-oldrel-macos-arm64, r-oldrel-macos-x86_64, r-oldrel-windows-x86_64