CRAN Package Check Results for Package qspray

Last updated on 2024-06-13 07:50:41 CEST.

Flavor Version Tinstall Tcheck Ttotal Status Flags
r-devel-linux-x86_64-debian-clang 3.0.0 116.18 132.00 248.18 OK
r-devel-linux-x86_64-debian-gcc 3.0.0 0.43 1.77 2.20 ERROR
r-devel-linux-x86_64-fedora-clang 3.0.0 337.08 OK
r-devel-linux-x86_64-fedora-gcc 3.0.0 331.79 OK
r-devel-windows-x86_64 3.0.0 82.00 133.00 215.00 OK
r-patched-linux-x86_64 3.0.0 93.41 121.85 215.26 OK
r-release-linux-x86_64 3.0.0 91.61 124.56 216.17 OK
r-release-macos-arm64 3.0.0 74.00 OK
r-release-macos-x86_64 3.0.0 94.00 OK
r-release-windows-x86_64 3.0.0 83.00 136.00 219.00 OK
r-oldrel-macos-arm64 3.0.0 78.00 OK
r-oldrel-macos-x86_64 3.0.0 152.00 OK
r-oldrel-windows-x86_64 3.0.0 103.00 169.00 272.00 OK

Check Details

Version: 3.0.0
Check: package dependencies
Result: ERROR Packages required but not available: 'DescTools', 'purrr' Package suggested but not available for checking: ‘testthat’ See section ‘The DESCRIPTION file’ in the ‘Writing R Extensions’ manual. Flavor: r-devel-linux-x86_64-debian-gcc