CRAN Package Check Results for Package qbld

Last updated on 2024-06-19 07:57:51 CEST.

Flavor Version Tinstall Tcheck Ttotal Status Flags
r-devel-linux-x86_64-debian-clang 1.0.3 198.36 58.41 256.77 NOTE
r-devel-linux-x86_64-debian-gcc 1.0.3 134.93 43.04 177.97 NOTE
r-devel-linux-x86_64-fedora-clang 1.0.3 400.53 NOTE
r-devel-linux-x86_64-fedora-gcc 1.0.3 414.66 NOTE
r-devel-windows-x86_64 1.0.3 155.00 92.00 247.00 NOTE
r-patched-linux-x86_64 1.0.3 123.51 55.08 178.59 NOTE
r-release-linux-x86_64 1.0.3 124.22 54.33 178.55 NOTE
r-release-macos-arm64 1.0.3 79.00 NOTE
r-release-macos-x86_64 1.0.3 83.00 WARN
r-release-windows-x86_64 1.0.3 156.00 94.00 250.00 NOTE
r-oldrel-macos-arm64 1.0.3 92.00 NOTE
r-oldrel-macos-x86_64 1.0.3 147.00 NOTE
r-oldrel-windows-x86_64 1.0.3 196.00 102.00 298.00 OK

Check Details

Version: 1.0.3
Check: Rd files
Result: NOTE checkRd: (-1) aldmix.Rd:34: Lost braces in \itemize; \value handles \item{}{} directly checkRd: (-1) aldmix.Rd:35: Lost braces in \itemize; \value handles \item{}{} directly checkRd: (-1) aldmix.Rd:36: Lost braces in \itemize; \value handles \item{}{} directly checkRd: (-1) aldmix.Rd:37: Lost braces in \itemize; \value handles \item{}{} directly checkRd: (-1) gig.Rd:28: Lost braces in \itemize; \value handles \item{}{} directly checkRd: (-1) gig.Rd:29: Lost braces in \itemize; \value handles \item{}{} directly checkRd: (-1) model.qbld.Rd:46: Lost braces in \itemize; \value handles \item{}{} directly checkRd: (-1) model.qbld.Rd:47: Lost braces in \itemize; \value handles \item{}{} directly checkRd: (-1) model.qbld.Rd:48: Lost braces in \itemize; \value handles \item{}{} directly checkRd: (-1) model.qbld.Rd:49: Lost braces in \itemize; \value handles \item{}{} directly checkRd: (-1) model.qbld.Rd:50: Lost braces in \itemize; \value handles \item{}{} directly checkRd: (-1) model.qbld.Rd:51: Lost braces in \itemize; \value handles \item{}{} directly checkRd: (-1) qbld-package.Rd:24: Lost braces; missing escapes or markup? 24 | \item \code{\link{model.qbld}} {: Runs the QBLD sampler as in Rahman and Vossmeyer(2019) and outputs a `qbld' class object.} | ^ checkRd: (-1) qbld-package.Rd:25: Lost braces; missing escapes or markup? 25 | \item \code{\link{summary.qbld}} {: S3 method that summarizes the outputs of the model.qbld function.} | ^ checkRd: (-1) qbld-package.Rd:26: Lost braces; missing escapes or markup? 26 | \item \code{\link{plot.qbld}} {: S3 method that plots `qbld' class object. } | ^ checkRd: (-1) qbld-package.Rd:27: Lost braces; missing escapes or markup? 27 | \item \code{\link{aldmix}} {: Cumulative density, probability distribution function, quantile function and random generation for the asymmetric Laplace distribution.} | ^ checkRd: (-1) qbld-package.Rd:28: Lost braces; missing escapes or markup? 28 | \item \code{\link{gig}} {: Probability distribution function, random generation for the generalised inverse Gaussian.} | ^ checkRd: (-1) qbld-package.Rd:29: Lost braces; missing escapes or markup? 29 | \item \code{\link{airpollution}}, \code{\link{locust}} {: In-built datasets} | ^ checkRd: (-1) summary.qbld.Rd:27: Lost braces in \itemize; \value handles \item{}{} directly checkRd: (-1) summary.qbld.Rd:28: Lost braces in \itemize; \value handles \item{}{} directly checkRd: (-1) summary.qbld.Rd:29: Lost braces in \itemize; \value handles \item{}{} directly checkRd: (-1) summary.qbld.Rd:30: Lost braces in \itemize; \value handles \item{}{} directly checkRd: (-1) summary.qbld.Rd:31: Lost braces in \itemize; \value handles \item{}{} directly checkRd: (-1) summary.qbld.Rd:32: Lost braces in \itemize; \value handles \item{}{} directly checkRd: (-1) summary.qbld.Rd:33: Lost braces in \itemize; \value handles \item{}{} directly checkRd: (-1) summary.qbld.Rd:34: Lost braces in \itemize; \value handles \item{}{} directly Flavors: r-devel-linux-x86_64-debian-clang, r-devel-linux-x86_64-debian-gcc, r-devel-linux-x86_64-fedora-clang, r-devel-linux-x86_64-fedora-gcc, r-devel-windows-x86_64, r-patched-linux-x86_64, r-release-linux-x86_64, r-release-macos-arm64, r-release-macos-x86_64, r-release-windows-x86_64

Version: 1.0.3
Check: installed package size
Result: NOTE installed size is 6.1Mb sub-directories of 1Mb or more: libs 5.7Mb Flavors: r-release-macos-arm64, r-release-macos-x86_64, r-oldrel-macos-arm64, r-oldrel-macos-x86_64

Version: 1.0.3
Check: re-building of vignette outputs
Result: WARN Error(s) in re-building vignettes: ... --- re-building ‘qbld.Rnw’ using knitr Error: processing vignette 'qbld.Rnw' failed with diagnostics: Running 'texi2dvi' on 'qbld.tex' failed. LaTeX errors: ! Undefined control sequence. l.138 \hlkwd{set.seed}\hldef {(}\hlnum{10}\hldef{)} ? ! Emergency stop. ! Emergency stop. l.138 End of file on the terminal! ! ==> Fatal error occurred, no output PDF file produced! --- failed re-building ‘qbld.Rnw’ SUMMARY: processing the following file failed: ‘qbld.Rnw’ Error: Vignette re-building failed. Execution halted Flavor: r-release-macos-x86_64