CRAN Package Check Results for Package pubtatordb

Last updated on 2024-06-14 20:03:29 CEST.

Flavor Version Tinstall Tcheck Ttotal Status Flags
r-devel-linux-x86_64-debian-clang 0.1.4 2.78 31.85 34.63 NOTE
r-devel-linux-x86_64-debian-gcc 0.1.4 2.09 24.52 26.61 NOTE
r-devel-linux-x86_64-fedora-clang 0.1.4 44.47 NOTE
r-devel-linux-x86_64-fedora-gcc 0.1.4 54.23 NOTE
r-devel-windows-x86_64 0.1.4 3.00 47.00 50.00 NOTE
r-patched-linux-x86_64 0.1.4 2.60 31.02 33.62 NOTE
r-release-linux-x86_64 0.1.4 1.63 30.85 32.48 NOTE
r-release-macos-arm64 0.1.4 24.00 NOTE
r-release-macos-x86_64 0.1.4 62.00 NOTE
r-release-windows-x86_64 0.1.4 5.00 48.00 53.00 NOTE
r-oldrel-macos-arm64 0.1.4 26.00 NOTE
r-oldrel-macos-x86_64 0.1.4 30.00 NOTE
r-oldrel-windows-x86_64 0.1.4 4.00 50.00 54.00 NOTE

Additional issues

donttest

Check Details

Version: 0.1.4
Check: LazyData
Result: NOTE 'LazyData' is specified without a 'data' directory Flavors: r-devel-linux-x86_64-debian-clang, r-devel-linux-x86_64-debian-gcc, r-devel-linux-x86_64-fedora-clang, r-devel-linux-x86_64-fedora-gcc, r-devel-windows-x86_64, r-patched-linux-x86_64, r-release-linux-x86_64, r-release-macos-arm64, r-release-macos-x86_64, r-release-windows-x86_64, r-oldrel-macos-arm64, r-oldrel-macos-x86_64, r-oldrel-windows-x86_64