CRAN Package Check Results for Package prevalence

Last updated on 2024-06-19 07:57:50 CEST.

Flavor Version Tinstall Tcheck Ttotal Status Flags
r-devel-linux-x86_64-debian-clang 0.4.1 7.11 52.80 59.91 NOTE
r-devel-linux-x86_64-debian-gcc 0.4.1 5.53 38.33 43.86 NOTE
r-devel-linux-x86_64-fedora-clang 0.4.1 72.74 NOTE
r-devel-linux-x86_64-fedora-gcc 0.4.1 69.08 NOTE
r-devel-windows-x86_64 0.4.1 6.00 67.00 73.00 NOTE
r-patched-linux-x86_64 0.4.1 6.84 50.89 57.73 NOTE
r-release-linux-x86_64 0.4.1 6.64 49.88 56.52 NOTE
r-release-macos-arm64 0.4.1 24.00 NOTE
r-release-macos-x86_64 0.4.1 35.00 NOTE
r-release-windows-x86_64 0.4.1 5.00 69.00 74.00 NOTE
r-oldrel-macos-arm64 0.4.1 26.00 OK
r-oldrel-macos-x86_64 0.4.1 37.00 OK
r-oldrel-windows-x86_64 0.4.1 7.00 69.00 76.00 OK

Check Details

Version: 0.4.1
Check: Rd files
Result: NOTE checkRd: (-1) truePrev.Rd:57: Lost braces in \itemize; meant \describe ? checkRd: (-1) truePrev.Rd:58: Lost braces in \itemize; meant \describe ? checkRd: (-1) truePrev.Rd:59: Lost braces in \itemize; meant \describe ? checkRd: (-1) truePrev.Rd:60-65: Lost braces in \itemize; meant \describe ? checkRd: (-1) truePrev.Rd:66-72: Lost braces in \itemize; meant \describe ? checkRd: (-1) truePrev.Rd:79: Lost braces in \itemize; meant \describe ? checkRd: (-1) truePrev.Rd:80: Lost braces in \itemize; meant \describe ? checkRd: (-1) truePrev.Rd:81: Lost braces in \itemize; meant \describe ? checkRd: (-1) truePrevMulti.Rd:37: Lost braces in \itemize; meant \describe ? checkRd: (-1) truePrevMulti.Rd:38: Lost braces in \itemize; meant \describe ? checkRd: (-1) truePrevMulti.Rd:39: Lost braces in \itemize; meant \describe ? checkRd: (-1) truePrevMulti.Rd:45: Lost braces in \itemize; meant \describe ? checkRd: (-1) truePrevMulti.Rd:46: Lost braces in \itemize; meant \describe ? checkRd: (-1) truePrevMulti.Rd:47: Lost braces in \itemize; meant \describe ? checkRd: (-1) truePrevMulti.Rd:48-53: Lost braces in \itemize; meant \describe ? checkRd: (-1) truePrevMulti.Rd:54-62: Lost braces in \itemize; meant \describe ? checkRd: (-1) truePrevMulti2.Rd:47: Lost braces in \itemize; meant \describe ? checkRd: (-1) truePrevMulti2.Rd:48: Lost braces in \itemize; meant \describe ? checkRd: (-1) truePrevMulti2.Rd:49: Lost braces in \itemize; meant \describe ? checkRd: (-1) truePrevMulti2.Rd:55: Lost braces in \itemize; meant \describe ? checkRd: (-1) truePrevMulti2.Rd:56: Lost braces in \itemize; meant \describe ? checkRd: (-1) truePrevMulti2.Rd:57: Lost braces in \itemize; meant \describe ? checkRd: (-1) truePrevMulti2.Rd:58-63: Lost braces in \itemize; meant \describe ? checkRd: (-1) truePrevMulti2.Rd:64-72: Lost braces in \itemize; meant \describe ? checkRd: (-1) truePrevPools.Rd:61: Lost braces in \itemize; meant \describe ? checkRd: (-1) truePrevPools.Rd:62: Lost braces in \itemize; meant \describe ? checkRd: (-1) truePrevPools.Rd:63: Lost braces in \itemize; meant \describe ? checkRd: (-1) truePrevPools.Rd:65-69: Lost braces in \itemize; meant \describe ? checkRd: (-1) truePrevPools.Rd:71-77: Lost braces in \itemize; meant \describe ? checkRd: (-1) truePrevPools.Rd:84: Lost braces in \itemize; meant \describe ? checkRd: (-1) truePrevPools.Rd:85: Lost braces in \itemize; meant \describe ? checkRd: (-1) truePrevPools.Rd:86: Lost braces in \itemize; meant \describe ? Flavors: r-devel-linux-x86_64-debian-clang, r-devel-linux-x86_64-debian-gcc, r-devel-linux-x86_64-fedora-clang, r-devel-linux-x86_64-fedora-gcc, r-devel-windows-x86_64, r-patched-linux-x86_64, r-release-linux-x86_64, r-release-macos-arm64, r-release-macos-x86_64, r-release-windows-x86_64