CRAN Package Check Results for Package preregr

Last updated on 2024-05-30 19:50:45 CEST.

Flavor Version Tinstall Tcheck Ttotal Status Flags
r-devel-linux-x86_64-debian-clang 0.2.9 6.19 112.83 119.02 NOTE
r-devel-linux-x86_64-debian-gcc 0.2.9 4.40 85.13 89.53 NOTE
r-devel-linux-x86_64-fedora-clang 0.2.9 148.56 NOTE
r-devel-linux-x86_64-fedora-gcc 0.2.9 158.74 NOTE
r-devel-windows-x86_64 0.2.9 6.00 127.00 133.00 NOTE
r-patched-linux-x86_64 0.2.9 5.60 108.22 113.82 NOTE
r-release-linux-x86_64 0.2.9 5.60 107.25 112.85 NOTE
r-release-macos-arm64 0.2.9 87.00 ERROR
r-release-windows-x86_64 0.2.9 6.00 128.00 134.00 NOTE
r-oldrel-macos-arm64 0.2.9 100.00 OK
r-oldrel-macos-x86_64 0.2.9 182.00 OK
r-oldrel-windows-x86_64 0.2.9 8.00 138.00 146.00 OK

Check Details

Version: 0.2.9
Check: Rd files
Result: NOTE checkRd: (-1) prereg_initialize.Rd:20: Lost braces; missing escapes or markup? 20 | the (pre)registration form specification (in {preregr} format), see the | ^ checkRd: (-1) prereg_initialize.Rd:23: Lost braces; missing escapes or markup? 23 | specification, or a loaded or imported {preregr} (pre)registration form. | ^ checkRd: (-1) prereg_initialize.Rd:26: Lost braces; missing escapes or markup? 26 | For an introduction to working with {preregr} (pre)registrations, | ^ checkRd: (-1) rmd_templates.Rd:75: Lost braces; missing escapes or markup? 75 | This function creates an R Markdown template from a {preregr} | ^ checkRd: (-1) rmd_templates.Rd:77: Lost braces; missing escapes or markup? 77 | Sheet holding the (pre)registration form specification (in {preregr} | ^ checkRd: (-1) rmd_templates.Rd:81: Lost braces; missing escapes or markup? 81 | specification, or a loaded or imported {preregr} (pre)registration form. | ^ Flavors: r-devel-linux-x86_64-debian-clang, r-devel-linux-x86_64-debian-gcc, r-devel-linux-x86_64-fedora-clang, r-devel-linux-x86_64-fedora-gcc, r-devel-windows-x86_64, r-patched-linux-x86_64, r-release-linux-x86_64, r-release-macos-arm64, r-release-windows-x86_64

Version: 0.2.9
Check: data for non-ASCII characters
Result: NOTE Note: found 96 marked UTF-8 strings Flavors: r-devel-linux-x86_64-fedora-clang, r-devel-linux-x86_64-fedora-gcc

Version: 0.2.9
Check: re-building of vignette outputs
Result: ERROR Error(s) in re-building vignettes: --- re-building ‘creating_form_from_spreadsheet.Rmd’ using rmarkdown --- finished re-building ‘creating_form_from_spreadsheet.Rmd’ --- re-building ‘creating_prereg_form.Rmd’ using rmarkdown --- finished re-building ‘creating_prereg_form.Rmd’ --- re-building ‘form_OSFprereg_v1.Rmd’ using rmarkdown --- finished re-building ‘form_OSFprereg_v1.Rmd’ --- re-building ‘form_OSFqual1_v1.Rmd’ using rmarkdown --- finished re-building ‘form_OSFqual1_v1.Rmd’ --- re-building ‘form_genSysRev_v1.Rmd’ using rmarkdown --- finished re-building ‘form_genSysRev_v1.Rmd’ --- re-building ‘form_generalPurpose_v1.Rmd’ using rmarkdown --- finished re-building ‘form_generalPurpose_v1.Rmd’ --- re-building ‘form_generalPurpose_v1_1.Rmd’ using rmarkdown --- finished re-building ‘form_generalPurpose_v1_1.Rmd’ --- re-building ‘form_inclDivAddon_v0_1.Rmd’ using rmarkdown --- finished re-building ‘form_inclDivAddon_v0_1.Rmd’ --- re-building ‘form_inclSysRev_v0_92.Rmd’ using rmarkdown --- finished re-building ‘form_inclSysRev_v0_92.Rmd’ --- re-building ‘form_prereg2D_v1.Rmd’ using rmarkdown --- finished re-building ‘form_prereg2D_v1.Rmd’ --- re-building ‘form_preregQE_v0_93.Rmd’ using rmarkdown --- finished re-building ‘form_preregQE_v0_93.Rmd’ --- re-building ‘form_preregQE_v0_94.Rmd’ using rmarkdown --- finished re-building ‘form_preregQE_v0_94.Rmd’ --- re-building ‘form_preregQE_v0_95.Rmd’ using rmarkdown --- finished re-building ‘form_preregQE_v0_95.Rmd’ --- re-building ‘form_prpQuant_v1.Rmd’ using rmarkdown --- finished re-building ‘form_prpQuant_v1.Rmd’ --- re-building ‘importing_form_from_url.Rmd’ using rmarkdown Quitting from lines 20-24 [unnamed-chunk-2] (importing_form_from_url.Rmd) Error: processing vignette 'importing_form_from_url.Rmd' failed with diagnostics: Timeout was reached: [preregr.opens.science] Failed to connect to preregr.opens.science port 443 after 10009 ms: Timeout was reached --- failed re-building ‘importing_form_from_url.Rmd’ --- re-building ‘importing_pregistration_from_url.Rmd’ using rmarkdown --- finished re-building ‘importing_pregistration_from_url.Rmd’ --- re-building ‘preregr.Rmd’ using rmarkdown --- finished re-building ‘preregr.Rmd’ --- re-building ‘rmd_template_from_form.Rmd’ using rmarkdown --- finished re-building ‘rmd_template_from_form.Rmd’ --- re-building ‘specifying_prereg_content.Rmd’ using rmarkdown --- finished re-building ‘specifying_prereg_content.Rmd’ SUMMARY: processing the following file failed: ‘importing_form_from_url.Rmd’ Error: Vignette re-building failed. Execution halted Flavor: r-release-macos-arm64