CRAN Package Check Results for Package ppsr

Last updated on 2024-06-19 07:57:50 CEST.

Flavor Version Tinstall Tcheck Ttotal Status Flags
r-devel-linux-x86_64-debian-clang 0.0.5 1.89 37.31 39.20 OK
r-devel-linux-x86_64-debian-gcc 0.0.5 2.12 29.51 31.63 OK
r-devel-linux-x86_64-fedora-clang 0.0.5 50.70 NOTE
r-devel-linux-x86_64-fedora-gcc 0.0.5 48.44 NOTE
r-devel-windows-x86_64 0.0.5 3.00 49.00 52.00 OK
r-patched-linux-x86_64 0.0.5 2.52 36.45 38.97 OK
r-release-linux-x86_64 0.0.5 1.77 35.79 37.56 OK
r-release-macos-arm64 0.0.5 21.00 OK
r-release-macos-x86_64 0.0.5 29.00 OK
r-release-windows-x86_64 0.0.5 5.00 49.00 54.00 OK
r-oldrel-macos-arm64 0.0.5 24.00 OK
r-oldrel-macos-x86_64 0.0.5 36.00 OK
r-oldrel-windows-x86_64 0.0.5 5.00 54.00 59.00 OK

Check Details

Version: 0.0.5
Check: dependencies in R code
Result: NOTE Namespaces in Imports field not imported from: ‘rpart’ ‘withr’ All declared Imports should be used. Flavors: r-devel-linux-x86_64-fedora-clang, r-devel-linux-x86_64-fedora-gcc