Last updated on 2023-01-30 09:35:13 CET.
Flavor | Version | Tinstall | Tcheck | Ttotal | Status | Flags |
---|---|---|---|---|---|---|
r-devel-linux-x86_64-debian-clang | 2.9.3 | 37.18 | 264.42 | 301.60 | WARN | |
r-devel-linux-x86_64-debian-gcc | 2.9.3 | 31.73 | 200.09 | 231.82 | WARN | |
r-devel-linux-x86_64-fedora-clang | 2.9.3 | 368.03 | WARN | |||
r-devel-linux-x86_64-fedora-gcc | 2.9.3 | 408.39 | WARN | |||
r-devel-windows-x86_64 | 2.9.3 | 121.00 | 362.00 | 483.00 | NOTE | |
r-patched-linux-x86_64 | 2.9.3 | 41.97 | 241.38 | 283.35 | NOTE | |
r-release-linux-x86_64 | 2.9.3 | 30.05 | 248.51 | 278.56 | NOTE | |
r-release-macos-arm64 | 2.9.3 | 82.00 | OK | |||
r-release-macos-x86_64 | 2.9.3 | 172.00 | NOTE | |||
r-release-windows-x86_64 | 2.9.3 | 103.00 | 352.00 | 455.00 | OK | |
r-oldrel-macos-arm64 | 2.9.3 | 167.00 | OK | |||
r-oldrel-macos-x86_64 | 2.9.3 | 156.00 | OK | |||
r-oldrel-windows-ix86+x86_64 | 2.9.3 | 76.00 | 403.00 | 479.00 | OK |
Version: 2.9.3
Check: package dependencies
Result: NOTE
Package suggested but not available for checking: ‘RClone’
Flavors: r-devel-linux-x86_64-debian-clang, r-devel-linux-x86_64-debian-gcc, r-devel-linux-x86_64-fedora-clang, r-devel-linux-x86_64-fedora-gcc, r-patched-linux-x86_64, r-release-linux-x86_64, r-release-macos-x86_64
Version: 2.9.3
Check: whether package can be installed
Result: WARN
Found the following significant warnings:
init.c:24:21: warning: a function declaration without a prototype is deprecated in all versions of C [-Wstrict-prototypes]
omp_test.c:7:14: warning: a function declaration without a prototype is deprecated in all versions of C [-Wstrict-prototypes]
See ‘/home/hornik/tmp/R.check/r-devel-clang/Work/PKGS/poppr.Rcheck/00install.out’ for details.
* used C compiler: ‘Debian clang version 15.0.6’
Flavor: r-devel-linux-x86_64-debian-clang
Version: 2.9.3
Check: Rd files
Result: NOTE
checkRd: (-1) genetic_distance.Rd:106: Escaped LaTeX specials: \~
Flavors: r-devel-linux-x86_64-debian-clang, r-devel-linux-x86_64-debian-gcc, r-devel-linux-x86_64-fedora-clang, r-devel-linux-x86_64-fedora-gcc, r-devel-windows-x86_64
Version: 2.9.3
Check: whether package can be installed
Result: WARN
Found the following significant warnings:
init.c:24:1: warning: function declaration isn’t a prototype [-Wstrict-prototypes]
omp_test.c:7:6: warning: function declaration isn’t a prototype [-Wstrict-prototypes]
See ‘/home/hornik/tmp/R.check/r-devel-gcc/Work/PKGS/poppr.Rcheck/00install.out’ for details.
* used C compiler: ‘gcc-12 (Debian 12.2.0-14) 12.2.0’
Flavor: r-devel-linux-x86_64-debian-gcc
Version: 2.9.3
Check: whether package can be installed
Result: WARN
Found the following significant warnings:
init.c:24:21: warning: a function declaration without a prototype is deprecated in all versions of C [-Wstrict-prototypes]
omp_test.c:7:14: warning: a function declaration without a prototype is deprecated in all versions of C [-Wstrict-prototypes]
See ‘/data/gannet/ripley/R/packages/tests-clang/poppr.Rcheck/00install.out’ for details.
* used C compiler: ‘clang version 15.0.7’
Flavor: r-devel-linux-x86_64-fedora-clang
Version: 2.9.3
Check: whether package can be installed
Result: WARN
Found the following significant warnings:
init.c:24:1: warning: function declaration isn’t a prototype [-Wstrict-prototypes]
omp_test.c:7:6: warning: function declaration isn’t a prototype [-Wstrict-prototypes]
See ‘/data/gannet/ripley/R/packages/tests-devel/poppr.Rcheck/00install.out’ for details.
* used C compiler: ‘gcc (GCC) 12.2.1 20221121 (Red Hat 12.2.1-4)’
Flavor: r-devel-linux-x86_64-fedora-gcc