CRAN Package Check Results for Package pooling

Last updated on 2024-07-20 08:49:49 CEST.

Flavor Version Tinstall Tcheck Ttotal Status Flags
r-devel-linux-x86_64-debian-clang 1.1.2 20.05 163.60 183.65 OK
r-devel-linux-x86_64-debian-gcc 1.1.2 17.11 120.44 137.55 OK
r-devel-linux-x86_64-fedora-clang 1.1.2 231.34 OK
r-devel-linux-x86_64-fedora-gcc 1.1.2 211.79 OK
r-devel-windows-x86_64 1.1.2 19.00 129.00 148.00 NOTE
r-patched-linux-x86_64 1.1.2 23.68 155.34 179.02 OK
r-release-linux-x86_64 1.1.2 13.53 154.29 167.82 OK
r-release-macos-arm64 1.1.2 60.00 OK
r-release-macos-x86_64 1.1.2 88.00 OK
r-release-windows-x86_64 1.1.2 18.00 129.00 147.00 OK
r-oldrel-macos-arm64 1.1.2 61.00 OK
r-oldrel-macos-x86_64 1.1.2 106.00 OK
r-oldrel-windows-x86_64 1.1.2 24.00 163.00 187.00 OK

Check Details

Version: 1.1.2
Check: Rd cross-references
Result: NOTE Found the following Rd file(s) with Rd \link{} targets missing package anchors: p_dfa_xerrors2.Rd: hcubature Please provide package anchors for all Rd \link{} targets not in the package itself and the base packages. Flavor: r-devel-windows-x86_64