CRAN Package Check Results for Package pompp

Last updated on 2024-06-16 19:53:25 CEST.

Flavor Version Tinstall Tcheck Ttotal Status Flags
r-devel-linux-x86_64-debian-clang 0.1.3 126.29 56.33 182.62 OK
r-devel-linux-x86_64-debian-gcc 0.1.3 93.75 49.27 143.02 OK
r-devel-linux-x86_64-fedora-clang 0.1.3 257.31 OK
r-devel-linux-x86_64-fedora-gcc 0.1.3 285.48 OK
r-devel-windows-x86_64 0.1.3 94.00 86.00 180.00 OK
r-patched-linux-x86_64 0.1.3 112.35 63.84 176.19 OK
r-release-linux-x86_64 0.1.3 107.73 63.46 171.19 OK
r-release-macos-arm64 0.1.3 74.00 NOTE
r-release-macos-x86_64 0.1.3 77.00 NOTE
r-release-windows-x86_64 0.1.3 97.00 92.00 189.00 OK
r-oldrel-macos-arm64 0.1.3 69.00 NOTE
r-oldrel-macos-x86_64 0.1.3 115.00 NOTE
r-oldrel-windows-x86_64 0.1.3 120.00 101.00 221.00 OK

Check Details

Version: 0.1.3
Check: installed package size
Result: NOTE installed size is 19.4Mb sub-directories of 1Mb or more: libs 19.0Mb Flavors: r-release-macos-arm64, r-release-macos-x86_64, r-oldrel-macos-arm64, r-oldrel-macos-x86_64